CRAN Package Check Results for Package loe

Last updated on 2023-06-09 22:58:31 CEST.

Flavor Version Tinstall Tcheck Ttotal Status Flags
r-devel-linux-x86_64-debian-clang 1.1 3.70 32.65 36.35 OK
r-devel-linux-x86_64-debian-gcc 1.1 3.02 25.66 28.68 OK
r-devel-linux-x86_64-fedora-clang 1.1 44.08 NOTE
r-devel-linux-x86_64-fedora-gcc 1.1 44.34 NOTE
r-devel-windows-x86_64 1.1 5.00 52.00 57.00 OK
r-patched-linux-x86_64 1.1 3.83 29.88 33.71 OK
r-release-linux-x86_64 1.1 3.36 30.01 33.37 OK
r-release-macos-arm64 1.1 22.00 OK
r-release-macos-x86_64 1.1 28.00 OK
r-release-windows-x86_64 1.1 5.00 52.00 57.00 OK
r-oldrel-macos-arm64 1.1 19.00 OK
r-oldrel-macos-x86_64 1.1 27.00 OK
r-oldrel-windows-x86_64 1.1 7.00 53.00 60.00 OK

Check Details

Version: 1.1
Check: compiled code
Result: NOTE
    File ‘loe/libs/loe.so’:
     Found no calls to: ‘R_registerRoutines’, ‘R_useDynamicSymbols’
    
    It is good practice to register native routines and to disable symbol
    search.
    
    See ‘Writing portable packages’ in the ‘Writing R Extensions’ manual.
Flavors: r-devel-linux-x86_64-fedora-clang, r-devel-linux-x86_64-fedora-gcc