Last updated on 2024-04-18 22:52:47 CEST.
Flavor | Version | Tinstall | Tcheck | Ttotal | Status | Flags |
---|---|---|---|---|---|---|
r-devel-linux-x86_64-debian-clang | 0.1.0 | 3.37 | 114.15 | 117.52 | NOTE | |
r-devel-linux-x86_64-debian-gcc | 0.1.0 | 3.30 | 80.03 | 83.33 | NOTE | |
r-devel-linux-x86_64-fedora-clang | 0.1.0 | 140.52 | NOTE | |||
r-devel-linux-x86_64-fedora-gcc | 0.1.0 | 147.88 | NOTE | |||
r-prerel-macos-arm64 | 0.1.0 | 46.00 | NOTE | |||
r-prerel-windows-x86_64 | 0.1.0 | 6.00 | 99.00 | 105.00 | NOTE | |
r-patched-linux-x86_64 | 0.1.0 | 4.09 | 107.45 | 111.54 | NOTE | |
r-release-linux-x86_64 | 0.1.0 | 2.39 | 104.26 | 106.65 | OK | |
r-release-macos-arm64 | 0.1.0 | 46.00 | OK | |||
r-release-macos-x86_64 | 0.1.0 | 70.00 | OK | |||
r-release-windows-x86_64 | 0.1.0 | 6.00 | 114.00 | 120.00 | OK | |
r-oldrel-macos-arm64 | 0.1.0 | 35.00 | OK | |||
r-oldrel-windows-x86_64 | 0.1.0 | 7.00 | 124.00 | 131.00 | OK |
Version: 0.1.0
Check: Rd files
Result: NOTE
checkRd: (-1) SSE_GIA.Rd:13: Lost braces in \itemize; meant \describe ?
checkRd: (-1) SSE_GIA.Rd:14: Lost braces in \itemize; meant \describe ?
checkRd: (-1) SSE_GIA.Rd:15: Lost braces in \itemize; meant \describe ?
checkRd: (-1) boot_GIA.Rd:24: Lost braces in \itemize; meant \describe ?
checkRd: (-1) boot_GIA.Rd:25: Lost braces in \itemize; meant \describe ?
checkRd: (-1) boot_GIA.Rd:26: Lost braces in \itemize; meant \describe ?
checkRd: (-1) boot_GIA.Rd:46: Lost braces in \itemize; \value handles \item{}{} directly
checkRd: (-1) boot_GIA.Rd:47: Lost braces in \itemize; \value handles \item{}{} directly
checkRd: (-1) boot_GIA.Rd:48: Lost braces in \itemize; \value handles \item{}{} directly
checkRd: (-1) cyrpa_ripr.Rd:17: Lost braces
17 | \item{exp{x}{y}rep{z}}{the results from experiment x, sub item y, repetition z}
| ^
checkRd: (-1) cyrpa_ripr.Rd:17: Lost braces
17 | \item{exp{x}{y}rep{z}}{the results from experiment x, sub item y, repetition z}
| ^
checkRd: (-1) cyrpa_ripr.Rd:17: Lost braces
17 | \item{exp{x}{y}rep{z}}{the results from experiment x, sub item y, repetition z}
| ^
checkRd: (-1) estimate_params.Rd:22: Lost braces in \itemize; meant \describe ?
checkRd: (-1) estimate_params.Rd:23: Lost braces in \itemize; meant \describe ?
checkRd: (-1) estimate_params.Rd:24: Lost braces in \itemize; meant \describe ?
checkRd: (-1) estimate_params.Rd:44: Lost braces in \itemize; \value handles \item{}{} directly
checkRd: (-1) estimate_params.Rd:45: Lost braces in \itemize; \value handles \item{}{} directly
checkRd: (-1) estimate_params.Rd:46: Lost braces in \itemize; \value handles \item{}{} directly
checkRd: (-1) estimate_params.Rd:47: Lost braces in \itemize; \value handles \item{}{} directly
checkRd: (-1) rh5_ama1ron2.Rd:12: Lost braces
12 | \item{exp{x}{y}rep{z}}{the results from experiment x, sub item y, repetition z}
| ^
checkRd: (-1) rh5_ama1ron2.Rd:12: Lost braces
12 | \item{exp{x}{y}rep{z}}{the results from experiment x, sub item y, repetition z}
| ^
checkRd: (-1) rh5_ama1ron2.Rd:12: Lost braces
12 | \item{exp{x}{y}rep{z}}{the results from experiment x, sub item y, repetition z}
| ^
Flavors: r-devel-linux-x86_64-debian-clang, r-devel-linux-x86_64-debian-gcc, r-devel-linux-x86_64-fedora-clang, r-devel-linux-x86_64-fedora-gcc, r-prerel-macos-arm64, r-prerel-windows-x86_64, r-patched-linux-x86_64