Last updated on 2023-03-24 22:55:14 CET.
Flavor | Version | Tinstall | Tcheck | Ttotal | Status | Flags |
---|---|---|---|---|---|---|
r-devel-linux-x86_64-debian-clang | 0.4.3 | 3.86 | 42.53 | 46.39 | OK | |
r-devel-linux-x86_64-debian-gcc | 0.4.3 | 2.33 | 33.06 | 35.39 | OK | |
r-devel-linux-x86_64-fedora-clang | 0.4.3 | 58.47 | OK | |||
r-devel-linux-x86_64-fedora-gcc | 0.4.3 | 74.28 | OK | |||
r-patched-linux-x86_64 | 0.4.3 | 3.42 | 41.64 | 45.06 | OK | |
r-release-linux-x86_64 | 0.4.3 | 3.21 | 41.74 | 44.95 | OK | |
r-release-macos-arm64 | 0.4.3 | 26.00 | OK | |||
r-release-macos-x86_64 | 0.4.3 | 38.00 | OK | |||
r-release-windows-x86_64 | 0.4.3 | 32.00 | 82.00 | 114.00 | NOTE | |
r-oldrel-macos-arm64 | 0.4.3 | 31.00 | OK | |||
r-oldrel-macos-x86_64 | 0.4.3 | 43.00 | OK | |||
r-oldrel-windows-ix86+x86_64 | 0.4.3 | 10.00 | 112.00 | 122.00 | NOTE |
Version: 0.4.3
Check: package dependencies
Result: NOTE
Package suggested but not available for checking: 'rsyslog'
Flavors: r-release-windows-x86_64, r-oldrel-windows-ix86+x86_64
Version: 0.4.3
Check: Rd cross-references
Result: NOTE
Package unavailable to check Rd xrefs: 'rsyslog'
Flavor: r-oldrel-windows-ix86+x86_64