Last updated on 2021-03-02 22:57:00 CET.
Flavor | Version | Tinstall | Tcheck | Ttotal | Status | Flags |
---|---|---|---|---|---|---|
r-devel-linux-x86_64-debian-clang | 0.1.0 | OK | ||||
r-devel-linux-x86_64-debian-gcc | 0.1.0 | 2.16 | 22.13 | 24.29 | OK | |
r-devel-linux-x86_64-fedora-clang | 0.1.0 | 46.88 | NOTE | |||
r-devel-linux-x86_64-fedora-gcc | 0.1.0 | 36.81 | NOTE | |||
r-devel-windows-ix86+x86_64 | 0.1.0 | 5.00 | 50.00 | 55.00 | OK | |
r-patched-linux-x86_64 | 0.1.0 | 2.72 | 27.00 | 29.72 | OK | |
r-patched-solaris-x86 | 0.1.0 | 52.30 | NOTE | |||
r-release-linux-x86_64 | 0.1.0 | 2.66 | 27.01 | 29.67 | OK | |
r-release-macos-x86_64 | 0.1.0 | NOTE | ||||
r-release-windows-ix86+x86_64 | 0.1.0 | 6.00 | 42.00 | 48.00 | OK | |
r-oldrel-macos-x86_64 | 0.1.0 | NOTE | ||||
r-oldrel-windows-ix86+x86_64 | 0.1.0 | 5.00 | 40.00 | 45.00 | OK |
Version: 0.1.0
Check: data for non-ASCII characters
Result: NOTE
Note: found 12 marked UTF-8 strings
Flavors: r-devel-linux-x86_64-fedora-clang, r-devel-linux-x86_64-fedora-gcc, r-patched-solaris-x86, r-release-macos-x86_64, r-oldrel-macos-x86_64