CRAN Package Check Results for Package longpower

Last updated on 2018-10-16 22:56:21 CEST.

Flavor Version Tinstall Tcheck Ttotal Status Flags
r-devel-linux-x86_64-debian-clang 1.0-16.1 6.18 89.78 95.96 OK
r-devel-linux-x86_64-debian-gcc 1.0-16.1 5.16 71.44 76.60 OK
r-devel-linux-x86_64-fedora-clang 1.0-16.1 110.65 OK
r-devel-linux-x86_64-fedora-gcc 1.0-16.1 110.30 OK
r-devel-windows-ix86+x86_64 1.0-16.1 15.00 134.00 149.00 OK
r-patched-linux-x86_64 1.0-16.1 4.96 71.14 76.10 ERROR
r-patched-solaris-x86 1.0-16.1 148.50 OK
r-release-linux-x86_64 1.0-16.1 4.58 70.28 74.86 ERROR
r-release-windows-ix86+x86_64 1.0-16.1 13.00 114.00 127.00 OK
r-release-osx-x86_64 1.0-16.1 OK
r-oldrel-windows-ix86+x86_64 1.0-16.1 12.00 96.00 108.00 OK
r-oldrel-osx-x86_64 1.0-16.1 OK

Check Details

Version: 1.0-16.1
Check: examples
Result: ERROR
    Running examples in ‘longpower-Ex.R’ failed
    The error most likely occurred in:
    
    > base::assign(".ptime", proc.time(), pos = "CheckExEnv")
    > ### Name: lmmpower
    > ### Title: Sample size calculations for linear mixed models of rate of
    > ### change based on lmer, lme, or gee "placebo" pilot estimates.
    > ### Aliases: lmmpower lmmpower,ANY-method lmmpower,merMod-method
    > ### lmmpower-methods lmmpower.default lmmpower.gee lmmpower.lme
    > ### lmmpower.numeric
    > ### Keywords: effects marginal methods mixed model power random sample size
    >
    > ### ** Examples
    >
    >
    > ## Not run:
    > ##D browseVignettes(package = "longpower")
    > ## End(Not run)
    >
    > lmmpower(delta=1.5, t = seq(0,1.5,0.25),
    + sig2.i = 55, sig2.s = 24, sig2.e = 10, cov.s.i=0.8*sqrt(55)*sqrt(24), power = 0.80)
    Error in UseMethod("lmmpower") :
     no applicable method for 'lmmpower' applied to an object of class "c('double', 'numeric')"
    Calls: lmmpower -> lmmpower
    Execution halted
Flavors: r-patched-linux-x86_64, r-release-linux-x86_64