CRAN Package Check Results for Package loo

Last updated on 2019-12-10 22:49:37 CET.

Flavor Version Tinstall Tcheck Ttotal Status Flags
r-devel-linux-x86_64-debian-clang 2.1.0 4.52 51.10 55.62 ERROR
r-devel-linux-x86_64-debian-gcc 2.1.0 4.05 39.88 43.93 ERROR
r-devel-linux-x86_64-fedora-clang 2.1.0 72.34 OK
r-devel-linux-x86_64-fedora-gcc 2.1.0 66.85 OK
r-devel-windows-ix86+x86_64 2.1.0 10.00 101.00 111.00 OK
r-devel-windows-ix86+x86_64-gcc8 2.1.0 11.00 121.00 132.00 OK
r-patched-linux-x86_64 2.1.0 3.45 47.26 50.71 OK
r-patched-solaris-x86 2.1.0 83.40 OK
r-release-linux-x86_64 2.1.0 3.22 47.34 50.56 OK
r-release-windows-ix86+x86_64 2.1.0 6.00 69.00 75.00 OK
r-release-osx-x86_64 2.1.0 OK
r-oldrel-windows-ix86+x86_64 2.1.0 5.00 61.00 66.00 OK
r-oldrel-osx-x86_64 2.1.0 OK

Check Details

Version: 2.1.0
Check: tests
Result: ERROR
     Running 'testthat.R' [9s/9s]
    Running the tests in 'tests/testthat.R' failed.
    Complete output:
     > library(loo)
     This is loo version 2.1.0.
     **NOTE: As of version 2.0.0 loo defaults to 1 core but we recommend using as many as possible. Use the 'cores' argument or set options(mc.cores = NUM_CORES) for an entire session. Visit mc-stan.org/loo/news for details on other changes.
     > library(testthat)
    
     Attaching package: 'testthat'
    
     The following object is masked from 'package:loo':
    
     compare
    
     > Sys.setenv("R_TESTS" = "")
     > test_check("loo")
     -- 1. Failure: loo_compare returns expected results (2 models) (@test_compare.R#
     `comp2` has changed from known value recorded in 'loo_compare_two_models.rds'.
     Attributes: < Component "class": Lengths (3, 2) differ (string compare on first 2) >
    
     -- 2. Failure: loo_compare returns expected result (3 models) (@test_compare.R#6
     `comp1` has changed from known value recorded in 'loo_compare_three_models.rds'.
     Attributes: < Component "class": Lengths (3, 2) differ (string compare on first 2) >
    
     -- 3. Failure: compare returns expected result (3 models) (@test_compare.R#114)
     `comp1` has changed from known value recorded in 'compare_three_models.rds'.
     Attributes: < Component "class": Lengths (4, 3) differ (string compare on first 3) >
     Attributes: < Component "class": 1 string mismatch >
    
     == testthat results ===========================================================
     [ OK: 453 | SKIPPED: 1 | WARNINGS: 0 | FAILED: 3 ]
     1. Failure: loo_compare returns expected results (2 models) (@test_compare.R#50)
     2. Failure: loo_compare returns expected result (3 models) (@test_compare.R#67)
     3. Failure: compare returns expected result (3 models) (@test_compare.R#114)
    
     Error: testthat unit tests failed
     Execution halted
Flavor: r-devel-linux-x86_64-debian-clang

Version: 2.1.0
Check: tests
Result: ERROR
     Running ‘testthat.R’ [6s/8s]
    Running the tests in ‘tests/testthat.R’ failed.
    Complete output:
     > library(loo)
     This is loo version 2.1.0.
     **NOTE: As of version 2.0.0 loo defaults to 1 core but we recommend using as many as possible. Use the 'cores' argument or set options(mc.cores = NUM_CORES) for an entire session. Visit mc-stan.org/loo/news for details on other changes.
     > library(testthat)
    
     Attaching package: 'testthat'
    
     The following object is masked from 'package:loo':
    
     compare
    
     > Sys.setenv("R_TESTS" = "")
     > test_check("loo")
     ── 1. Failure: loo_compare returns expected results (2 models) (@test_compare.R#
     `comp2` has changed from known value recorded in 'loo_compare_two_models.rds'.
     Attributes: < Component "class": Lengths (3, 2) differ (string compare on first 2) >
    
     ── 2. Failure: loo_compare returns expected result (3 models) (@test_compare.R#6
     `comp1` has changed from known value recorded in 'loo_compare_three_models.rds'.
     Attributes: < Component "class": Lengths (3, 2) differ (string compare on first 2) >
    
     ── 3. Failure: compare returns expected result (3 models) (@test_compare.R#114)
     `comp1` has changed from known value recorded in 'compare_three_models.rds'.
     Attributes: < Component "class": Lengths (4, 3) differ (string compare on first 3) >
     Attributes: < Component "class": 1 string mismatch >
    
     ══ testthat results ═══════════════════════════════════════════════════════════
     [ OK: 453 | SKIPPED: 1 | WARNINGS: 0 | FAILED: 3 ]
     1. Failure: loo_compare returns expected results (2 models) (@test_compare.R#50)
     2. Failure: loo_compare returns expected result (3 models) (@test_compare.R#67)
     3. Failure: compare returns expected result (3 models) (@test_compare.R#114)
    
     Error: testthat unit tests failed
     Execution halted
Flavor: r-devel-linux-x86_64-debian-gcc