CRAN Package Check Results for Package lorem

Last updated on 2024-06-13 22:49:33 CEST.

Flavor Version Tinstall Tcheck Ttotal Status Flags
r-devel-linux-x86_64-debian-clang 1.0.0 3.24 33.63 36.87 OK
r-devel-linux-x86_64-debian-gcc 1.0.0 2.47 24.46 26.93 ERROR
r-devel-linux-x86_64-fedora-clang 1.0.0 46.10 OK
r-devel-linux-x86_64-fedora-gcc 1.0.0 43.39 OK
r-devel-windows-x86_64 1.0.0 4.00 47.00 51.00 OK
r-patched-linux-x86_64 1.0.0 2.52 32.76 35.28 OK
r-release-linux-x86_64 1.0.0 2.89 32.62 35.51 OK
r-release-macos-arm64 1.0.0 18.00 OK
r-release-macos-x86_64 1.0.0 27.00 OK
r-release-windows-x86_64 1.0.0 4.00 48.00 52.00 OK
r-oldrel-macos-arm64 1.0.0 20.00 OK
r-oldrel-macos-x86_64 1.0.0 27.00 OK
r-oldrel-windows-x86_64 1.0.0 4.00 50.00 54.00 OK

Check Details

Version: 1.0.0
Check: package dependencies
Result: NOTE Package suggested but not available for checking: ‘testthat’ Flavor: r-devel-linux-x86_64-debian-gcc

Version: 1.0.0
Check: tests
Result: ERROR Running ‘testthat.R’ [0s/1s] Running the tests in ‘tests/testthat.R’ failed. Complete output: > # This file is part of the standard setup for testthat. > # It is recommended that you do not modify it. > # > # Where should you do additional test configuration? > # Learn more about the roles of various files in: > # * https://r-pkgs.org/tests.html > # * https://testthat.r-lib.org/reference/test_package.html#special-files > > library(testthat) Error in library(testthat) : there is no package called 'testthat' Execution halted Flavor: r-devel-linux-x86_64-debian-gcc