Last updated on 2021-03-04 22:54:01 CET.
Flavor | Version | Tinstall | Tcheck | Ttotal | Status | Flags |
---|---|---|---|---|---|---|
r-devel-linux-x86_64-debian-clang | 0.1.9 | 141.74 | 210.14 | 351.88 | OK | |
r-devel-linux-x86_64-debian-gcc | 0.1.9 | 91.37 | 150.85 | 242.22 | OK | |
r-devel-linux-x86_64-fedora-clang | 0.1.9 | 464.44 | NOTE | |||
r-devel-linux-x86_64-fedora-gcc | 0.1.9 | 430.98 | OK | |||
r-devel-windows-ix86+x86_64 | 0.1.9 | 318.00 | 610.00 | 928.00 | OK | |
r-patched-linux-x86_64 | 0.1.9 | OK | ||||
r-patched-solaris-x86 | 0.1.9 | 705.30 | OK | |||
r-release-linux-x86_64 | 0.1.9 | 86.45 | 193.61 | 280.06 | OK | |
r-release-macos-x86_64 | 0.1.9 | OK | ||||
r-release-windows-ix86+x86_64 | 0.1.9 | 227.00 | 464.00 | 691.00 | OK | |
r-oldrel-macos-x86_64 | 0.1.9 | OK | ||||
r-oldrel-windows-ix86+x86_64 | 0.1.9 | 281.00 | 550.00 | 831.00 | OK |
Version: 0.1.9
Check: installed package size
Result: NOTE
installed size is 6.5Mb
sub-directories of 1Mb or more:
libs 4.9Mb
Flavor: r-devel-linux-x86_64-fedora-clang