CRAN Package Check Results for Package lsa

Last updated on 2024-05-18 22:27:40 CEST.

Flavor Version Tinstall Tcheck Ttotal Status Flags
r-devel-linux-x86_64-debian-clang 0.73.3 3.23 39.06 42.29 NOTE
r-devel-linux-x86_64-debian-gcc 0.73.3 2.82 30.38 33.20 NOTE
r-devel-linux-x86_64-fedora-clang 0.73.3 52.06 NOTE
r-devel-linux-x86_64-fedora-gcc 0.73.3 55.30 NOTE
r-devel-windows-x86_64 0.73.3 4.00 60.00 64.00 NOTE
r-patched-linux-x86_64 0.73.3 4.18 37.49 41.67 NOTE
r-release-linux-x86_64 0.73.3 3.34 37.37 40.71 NOTE
r-release-macos-arm64 0.73.3 22.00 NOTE
r-release-windows-x86_64 0.73.3 4.00 55.00 59.00 NOTE
r-oldrel-macos-arm64 0.73.3 28.00 NOTE
r-oldrel-macos-x86_64 0.73.3 32.00 NOTE
r-oldrel-windows-x86_64 0.73.3 4.00 64.00 68.00 NOTE

Check Details

Version: 0.73.3
Check: Rd files
Result: NOTE checkRd: (-1) specialchars.Rd:6: Escaped LaTeX specials: \& Flavors: r-devel-linux-x86_64-debian-clang, r-devel-linux-x86_64-debian-gcc, r-devel-linux-x86_64-fedora-clang, r-devel-linux-x86_64-fedora-gcc, r-devel-windows-x86_64, r-patched-linux-x86_64, r-release-linux-x86_64, r-release-macos-arm64, r-release-windows-x86_64, r-oldrel-macos-arm64, r-oldrel-macos-x86_64, r-oldrel-windows-x86_64

Version: 0.73.3
Check: data for non-ASCII characters
Result: NOTE Note: found 143 marked Latin-1 strings Note: found 833 marked UTF-8 strings Flavors: r-devel-linux-x86_64-fedora-clang, r-devel-linux-x86_64-fedora-gcc