Last updated on 2023-09-23 23:00:50 CEST.
Flavor | Version | Tinstall | Tcheck | Ttotal | Status | Flags |
---|---|---|---|---|---|---|
r-devel-linux-x86_64-debian-clang | 1.1 | 9.03 | 85.42 | 94.45 | NOTE | |
r-devel-linux-x86_64-debian-gcc | 1.1 | 7.12 | 65.55 | 72.67 | NOTE | |
r-devel-linux-x86_64-fedora-clang | 1.1 | 114.88 | NOTE | |||
r-devel-linux-x86_64-fedora-gcc | 1.1 | 113.93 | NOTE | |||
r-devel-windows-x86_64 | 1.1 | 9.00 | 91.00 | 100.00 | NOTE | |
r-patched-linux-x86_64 | 1.1 | 9.53 | 82.86 | 92.39 | NOTE | |
r-release-linux-x86_64 | 1.1 | 7.89 | 83.31 | 91.20 | NOTE | |
r-release-macos-arm64 | 1.1 | 39.00 | NOTE | |||
r-release-macos-x86_64 | 1.1 | 63.00 | NOTE | |||
r-release-windows-x86_64 | 1.1 | 10.00 | 92.00 | 102.00 | NOTE | |
r-oldrel-macos-arm64 | 1.1 | 52.00 | NOTE | |||
r-oldrel-macos-x86_64 | 1.1 | 51.00 | NOTE | |||
r-oldrel-windows-x86_64 | 1.1 | 11.00 | 97.00 | 108.00 | NOTE |
Version: 1.1
Check: LazyData
Result: NOTE
'LazyData' is specified without a 'data' directory
Flavors: r-devel-linux-x86_64-debian-clang, r-devel-linux-x86_64-debian-gcc, r-devel-linux-x86_64-fedora-clang, r-devel-linux-x86_64-fedora-gcc, r-devel-windows-x86_64, r-patched-linux-x86_64, r-release-linux-x86_64, r-release-macos-arm64, r-release-macos-x86_64, r-release-windows-x86_64, r-oldrel-macos-arm64, r-oldrel-macos-x86_64, r-oldrel-windows-x86_64