Last updated on 2021-04-12 22:51:06 CEST.
Flavor | Version | Tinstall | Tcheck | Ttotal | Status | Flags |
---|---|---|---|---|---|---|
r-devel-linux-x86_64-debian-clang | 0.3.1 | 30.46 | 53.17 | 83.63 | NOTE | |
r-devel-linux-x86_64-debian-gcc | 0.3.1 | 20.98 | 42.01 | 62.99 | NOTE | |
r-devel-linux-x86_64-fedora-clang | 0.3.1 | 112.35 | NOTE | |||
r-devel-linux-x86_64-fedora-gcc | 0.3.1 | 98.41 | NOTE | |||
r-devel-windows-ix86+x86_64 | 0.3.1 | 57.00 | 111.00 | 168.00 | NOTE | |
r-devel-windows-x86_64-gcc10-UCRT | 0.3.1 | NOTE | ||||
r-patched-linux-x86_64 | 0.3.1 | 22.93 | 51.92 | 74.85 | OK | |
r-patched-solaris-x86 | 0.3.1 | 152.50 | OK | |||
r-release-linux-x86_64 | 0.3.1 | 23.06 | 52.16 | 75.22 | OK | |
r-release-macos-x86_64 | 0.3.1 | NOTE | ||||
r-release-windows-ix86+x86_64 | 0.3.1 | 44.00 | 140.00 | 184.00 | NOTE | |
r-oldrel-macos-x86_64 | 0.3.1 | OK | ||||
r-oldrel-windows-ix86+x86_64 | 0.3.1 | 58.00 | 106.00 | 164.00 | NOTE |
Version: 0.3.1
Check: LazyData
Result: NOTE
'LazyData' is specified without a 'data' directory
Flavors: r-devel-linux-x86_64-debian-clang, r-devel-linux-x86_64-debian-gcc, r-devel-linux-x86_64-fedora-clang, r-devel-linux-x86_64-fedora-gcc, r-devel-windows-ix86+x86_64, r-devel-windows-x86_64-gcc10-UCRT
Version: 0.3.1
Check: installed package size
Result: NOTE
installed size is 6.4Mb
sub-directories of 1Mb or more:
R 4.0Mb
libs 2.1Mb
Flavors: r-devel-windows-ix86+x86_64, r-release-macos-x86_64, r-release-windows-ix86+x86_64, r-oldrel-windows-ix86+x86_64