Last updated on 2024-03-27 22:57:50 CET.
Flavor | Version | Tinstall | Tcheck | Ttotal | Status | Flags |
---|---|---|---|---|---|---|
r-devel-linux-x86_64-debian-clang | 1.0 | 7.13 | 95.02 | 102.15 | NOTE | |
r-devel-linux-x86_64-debian-gcc | 1.0 | 5.87 | 71.37 | 77.24 | NOTE | |
r-devel-linux-x86_64-fedora-clang | 1.0 | 125.22 | NOTE | |||
r-devel-linux-x86_64-fedora-gcc | 1.0 | 136.18 | NOTE | |||
r-devel-windows-x86_64 | 1.0 | 7.00 | 102.00 | 109.00 | NOTE | |
r-patched-linux-x86_64 | 1.0 | 12.47 | 91.14 | 103.61 | OK | |
r-release-linux-x86_64 | 1.0 | 4.36 | 89.50 | 93.86 | OK | |
r-release-macos-arm64 | 1.0 | 51.00 | OK | |||
r-release-macos-x86_64 | 1.0 | 74.00 | OK | |||
r-release-windows-x86_64 | 1.0 | 10.00 | 112.00 | 122.00 | OK | |
r-oldrel-macos-arm64 | 1.0 | 54.00 | NOTE | |||
r-oldrel-windows-x86_64 | 1.0 | 9.00 | 116.00 | 125.00 | OK |
Version: 1.0
Check: Rd files
Result: NOTE
checkRd: (-1) xytb-class.Rd:26: Lost braces; missing escapes or markup?
26 | v: \tab speed (m.s^{-1})\cr
| ^
Flavors: r-devel-linux-x86_64-debian-clang, r-devel-linux-x86_64-debian-gcc, r-devel-linux-x86_64-fedora-clang, r-devel-linux-x86_64-fedora-gcc, r-devel-windows-x86_64
Version: 1.0
Check: dependencies in R code
Result: NOTE
Namespaces in Imports field not imported from:
‘e1071’ ‘utils’
All declared Imports should be used.
Flavors: r-devel-linux-x86_64-fedora-clang, r-devel-linux-x86_64-fedora-gcc, r-oldrel-macos-arm64