Last updated on 2023-06-04 23:00:04 CEST.
Flavor | Version | Tinstall | Tcheck | Ttotal | Status | Flags |
---|---|---|---|---|---|---|
r-devel-linux-x86_64-debian-clang | 1.0.0 | 2.18 | 27.67 | 29.85 | OK | |
r-devel-linux-x86_64-debian-gcc | 1.0.0 | 1.82 | 22.07 | 23.89 | OK | |
r-devel-linux-x86_64-fedora-clang | 1.0.0 | 38.11 | OK | |||
r-devel-linux-x86_64-fedora-gcc | 1.0.0 | 38.75 | OK | |||
r-devel-windows-x86_64 | 1.0.0 | 4.00 | 45.00 | 49.00 | OK | |
r-patched-linux-x86_64 | 1.0.0 | 2.42 | 27.40 | 29.82 | OK | |
r-release-linux-x86_64 | 1.0.0 | 2.44 | 27.14 | 29.58 | OK | |
r-release-macos-arm64 | 1.0.0 | 18.00 | OK | |||
r-release-macos-x86_64 | 1.0.0 | 31.00 | OK | |||
r-release-windows-x86_64 | 1.0.0 | 4.00 | 45.00 | 49.00 | OK | |
r-oldrel-macos-arm64 | 1.0.0 | 10.00 | ERROR | |||
r-oldrel-macos-x86_64 | 1.0.0 | 24.00 | OK | |||
r-oldrel-windows-x86_64 | 1.0.0 | 4.00 | 48.00 | 52.00 | OK |
Version: 1.0.0
Check: package dependencies
Result: ERROR
Package required but not available: ‘qusage’
See section ‘The DESCRIPTION file’ in the ‘Writing R Extensions’
manual.
Flavor: r-oldrel-macos-arm64