CRAN Package Check Results for Package mSigTools

Last updated on 2023-11-28 23:04:41 CET.

Flavor Version Tinstall Tcheck Ttotal Status Flags
r-devel-linux-x86_64-debian-clang 1.0.7 2.59 62.99 65.58 OK
r-devel-linux-x86_64-debian-gcc 1.0.7 2.01 49.32 51.33 OK
r-devel-linux-x86_64-fedora-clang 1.0.7 83.52 OK
r-devel-linux-x86_64-fedora-gcc 1.0.7 81.58 OK
r-devel-windows-x86_64 1.0.7 3.00 69.00 72.00 OK
r-patched-linux-x86_64 1.0.7 3.06 63.97 67.03 OK
r-release-linux-x86_64 1.0.7 2.56 59.83 62.39 OK
r-release-macos-arm64 1.0.7 30.00 OK
r-release-macos-x86_64 1.0.7 34.00 NOTE
r-release-windows-x86_64 1.0.7 4.00 80.00 84.00 OK
r-oldrel-macos-arm64 1.0.7 23.00 OK
r-oldrel-macos-x86_64 1.0.7 38.00 OK
r-oldrel-windows-x86_64 1.0.7 4.00 79.00 83.00 OK

Check Details

Version: 1.0.7
Check: package dependencies
Result: NOTE Package suggested but not available for checking: ‘ICAMS’ Flavor: r-release-macos-x86_64