Last updated on 2023-01-29 23:03:13 CET.
Flavor | Version | Tinstall | Tcheck | Ttotal | Status | Flags |
---|---|---|---|---|---|---|
r-devel-linux-x86_64-debian-clang | 1.2.1 | 349.12 | 139.05 | 488.17 | OK | |
r-devel-linux-x86_64-debian-gcc | 1.2.1 | 292.76 | 99.98 | 392.74 | NOTE | |
r-devel-linux-x86_64-fedora-clang | 1.2.1 | 731.66 | NOTE | |||
r-devel-linux-x86_64-fedora-gcc | 1.2.1 | 707.18 | NOTE | |||
r-devel-windows-x86_64 | 1.2.1 | 285.00 | 198.00 | 483.00 | NOTE | |
r-patched-linux-x86_64 | 1.2.1 | 306.42 | 134.15 | 440.57 | OK | |
r-release-linux-x86_64 | 1.2.1 | 296.50 | 132.69 | 429.19 | OK | |
r-release-macos-arm64 | 1.2.1 | 136.00 | NOTE | |||
r-release-macos-x86_64 | 1.2.1 | 211.00 | NOTE | |||
r-release-windows-x86_64 | 1.2.1 | 284.00 | 196.00 | 480.00 | OK | |
r-oldrel-macos-arm64 | 1.2.1 | 131.00 | NOTE | |||
r-oldrel-macos-x86_64 | 1.2.1 | 217.00 | NOTE | |||
r-oldrel-windows-ix86+x86_64 | 1.2.1 | 851.00 | 311.00 | 1162.00 | NOTE |
Version: 1.2.1
Check: C++ specification
Result: NOTE
Specified C++11: please update to current default of C++17
Flavors: r-devel-linux-x86_64-debian-gcc, r-devel-linux-x86_64-fedora-clang, r-devel-linux-x86_64-fedora-gcc, r-devel-windows-x86_64
Version: 1.2.1
Check: installed package size
Result: NOTE
installed size is 24.4Mb
sub-directories of 1Mb or more:
libs 23.1Mb
Flavors: r-release-macos-arm64, r-release-macos-x86_64, r-oldrel-macos-arm64, r-oldrel-macos-x86_64, r-oldrel-windows-ix86+x86_64