Last updated on 2024-04-18 22:52:47 CEST.
Flavor | Version | Tinstall | Tcheck | Ttotal | Status | Flags |
---|---|---|---|---|---|---|
r-devel-linux-x86_64-debian-clang | 1.2.2 | 362.00 | 148.62 | 510.62 | OK | |
r-devel-linux-x86_64-debian-gcc | 1.2.2 | 304.31 | 106.89 | 411.20 | OK | |
r-devel-linux-x86_64-fedora-clang | 1.2.2 | 767.57 | OK | |||
r-devel-linux-x86_64-fedora-gcc | 1.2.2 | 806.06 | OK | |||
r-prerel-macos-arm64 | 1.2.2 | 144.00 | NOTE | |||
r-prerel-windows-x86_64 | 1.2.2 | 294.00 | 152.00 | 446.00 | OK | |
r-patched-linux-x86_64 | 1.2.2 | 395.24 | 144.78 | 540.02 | OK | |
r-release-linux-x86_64 | 1.2.2 | 367.47 | 143.11 | 510.58 | OK | |
r-release-macos-arm64 | 1.2.2 | 183.00 | NOTE | |||
r-release-macos-x86_64 | 1.2.2 | 200.00 | NOTE | |||
r-release-windows-x86_64 | 1.2.2 | 363.00 | 186.00 | 549.00 | OK | |
r-oldrel-macos-arm64 | 1.2.2 | 171.00 | NOTE | |||
r-oldrel-windows-x86_64 | 1.2.2 | 340.00 | 189.00 | 529.00 | OK |
Version: 1.2.2
Check: installed package size
Result: NOTE
installed size is 24.2Mb
sub-directories of 1Mb or more:
libs 22.8Mb
Flavors: r-prerel-macos-arm64, r-release-macos-arm64, r-release-macos-x86_64, r-oldrel-macos-arm64