CRAN Package Check Results for Package majesticR

Last updated on 2019-08-21 22:48:42 CEST.

Flavor Version Tinstall Tcheck Ttotal Status Flags
r-devel-linux-x86_64-debian-clang 0.1.1 2.70 25.47 28.17 NOTE
r-devel-linux-x86_64-debian-gcc 0.1.1 NOTE
r-devel-linux-x86_64-fedora-clang 0.1.1 38.07 OK
r-devel-linux-x86_64-fedora-gcc 0.1.1 34.24 OK
r-devel-windows-ix86+x86_64 0.1.1 9.00 62.00 71.00 NOTE
r-patched-linux-x86_64 0.1.1 2.35 25.36 27.71 OK
r-patched-solaris-x86 0.1.1 57.50 OK
r-release-linux-x86_64 0.1.1 2.34 25.35 27.69 OK
r-release-windows-ix86+x86_64 0.1.1 6.00 42.00 48.00 OK
r-release-osx-x86_64 0.1.1 OK
r-oldrel-windows-ix86+x86_64 0.1.1 4.00 54.00 58.00 OK
r-oldrel-osx-x86_64 0.1.1 OK

Check Details

Version: 0.1.1
Check: package vignettes
Result: NOTE
    Package vignette with placeholder title 'Vignette Title':
     'introduction-to-package-majesticr--rmd.Rmd'
Flavors: r-devel-linux-x86_64-debian-clang, r-devel-linux-x86_64-debian-gcc, r-devel-windows-ix86+x86_64