CRAN Package Check Results for Package majesticR

Last updated on 2019-12-10 22:49:38 CET.

Flavor Version Tinstall Tcheck Ttotal Status Flags
r-devel-linux-x86_64-debian-clang 0.1.1 2.72 26.52 29.24 NOTE
r-devel-linux-x86_64-debian-gcc 0.1.1 2.23 21.64 23.87 NOTE
r-devel-linux-x86_64-fedora-clang 0.1.1 36.97 OK
r-devel-linux-x86_64-fedora-gcc 0.1.1 36.16 OK
r-devel-windows-ix86+x86_64 0.1.1 7.00 56.00 63.00 NOTE
r-devel-windows-ix86+x86_64-gcc8 0.1.1 7.00 64.00 71.00 NOTE
r-patched-linux-x86_64 0.1.1 2.34 24.93 27.27 OK
r-patched-solaris-x86 0.1.1 54.80 OK
r-release-linux-x86_64 0.1.1 2.26 24.80 27.06 OK
r-release-windows-ix86+x86_64 0.1.1 6.00 38.00 44.00 OK
r-release-osx-x86_64 0.1.1 OK
r-oldrel-windows-ix86+x86_64 0.1.1 3.00 40.00 43.00 OK
r-oldrel-osx-x86_64 0.1.1 OK

Check Details

Version: 0.1.1
Check: package vignettes
Result: NOTE
    Package vignette with placeholder title 'Vignette Title':
     'introduction-to-package-majesticr--rmd.Rmd'
Flavors: r-devel-linux-x86_64-debian-clang, r-devel-linux-x86_64-debian-gcc, r-devel-windows-ix86+x86_64, r-devel-windows-ix86+x86_64-gcc8