Last updated on 2024-04-19 22:55:51 CEST.
Flavor | Version | Tinstall | Tcheck | Ttotal | Status | Flags |
---|---|---|---|---|---|---|
r-devel-linux-x86_64-debian-clang | 1.0 | 1.49 | 18.53 | 20.02 | NOTE | |
r-devel-linux-x86_64-debian-gcc | 1.0 | NOTE | ||||
r-devel-linux-x86_64-fedora-clang | 1.0 | 26.55 | NOTE | |||
r-devel-linux-x86_64-fedora-gcc | 1.0 | 25.12 | NOTE | |||
r-prerel-macos-arm64 | 1.0 | 13.00 | NOTE | |||
r-prerel-windows-x86_64 | 1.0 | 3.00 | 33.00 | 36.00 | NOTE | |
r-patched-linux-x86_64 | 1.0 | 2.10 | 18.40 | 20.50 | NOTE | |
r-release-linux-x86_64 | 1.0 | 1.41 | 18.80 | 20.21 | OK | |
r-release-macos-arm64 | 1.0 | 13.00 | OK | |||
r-release-macos-x86_64 | 1.0 | 17.00 | OK | |||
r-release-windows-x86_64 | 1.0 | 3.00 | 34.00 | 37.00 | OK | |
r-oldrel-macos-arm64 | 1.0 | 16.00 | OK | |||
r-oldrel-windows-x86_64 | 1.0 | 5.00 | 40.00 | 45.00 | OK |
Version: 1.0
Check: Rd files
Result: NOTE
checkRd: (-1) makeProject.Rd:34: Lost braces
34 | email{noahsilverman@ucla.edu}
| ^
Flavors: r-devel-linux-x86_64-debian-clang, r-devel-linux-x86_64-debian-gcc, r-devel-linux-x86_64-fedora-clang, r-devel-linux-x86_64-fedora-gcc, r-prerel-macos-arm64, r-prerel-windows-x86_64, r-patched-linux-x86_64