CRAN Package Check Results for Package mallet

Last updated on 2023-09-23 23:00:50 CEST.

Flavor Version Tinstall Tcheck Ttotal Status Flags
r-devel-linux-x86_64-debian-clang 1.3.0 5.21 73.41 78.62 OK
r-devel-linux-x86_64-debian-gcc 1.3.0 3.90 56.06 59.96 OK
r-devel-linux-x86_64-fedora-clang 1.3.0 99.94 NOTE
r-devel-linux-x86_64-fedora-gcc 1.3.0 109.08 OK
r-devel-windows-x86_64 1.3.0 5.00 74.00 79.00 OK
r-patched-linux-x86_64 1.3.0 5.79 73.30 79.09 OK
r-release-linux-x86_64 1.3.0 5.01 75.46 80.47 OK
r-release-macos-arm64 1.3.0 41.00 OK
r-release-macos-x86_64 1.3.0 55.00 OK
r-release-windows-x86_64 1.3.0 6.00 83.00 89.00 OK
r-oldrel-macos-arm64 1.3.0 38.00 OK
r-oldrel-macos-x86_64 1.3.0 47.00 OK
r-oldrel-windows-x86_64 1.3.0 9.00 82.00 91.00 OK

Check Details

Version: 1.3.0
Check: Rd cross-references
Result: NOTE
    Undeclared package ‘tibble’ in Rd xrefs
Flavor: r-devel-linux-x86_64-fedora-clang