CRAN Package Check Results for Package mand

Last updated on 2023-11-28 23:04:39 CET.

Flavor Version Tinstall Tcheck Ttotal Status Flags
r-devel-linux-x86_64-debian-clang 2.0 20.09 346.74 366.83 OK
r-devel-linux-x86_64-debian-gcc 2.0 16.35 239.37 255.72 OK
r-devel-linux-x86_64-fedora-clang 2.0 462.36 NOTE
r-devel-linux-x86_64-fedora-gcc 2.0 477.03 OK
r-devel-windows-x86_64 2.0 17.00 261.00 278.00 NOTE
r-patched-linux-x86_64 2.0 19.71 324.32 344.03 OK
r-release-linux-x86_64 2.0 12.72 329.51 342.23 OK
r-release-macos-arm64 2.0 144.00 NOTE
r-release-macos-x86_64 2.0 264.00 NOTE
r-release-windows-x86_64 2.0 24.00 324.00 348.00 NOTE
r-oldrel-macos-arm64 2.0 148.00 NOTE
r-oldrel-macos-x86_64 2.0 162.00 NOTE
r-oldrel-windows-x86_64 2.0 25.00 314.00 339.00 NOTE

Check Details

Version: 2.0
Check: installed package size
Result: NOTE installed size is 7.4Mb sub-directories of 1Mb or more: doc 6.9Mb Flavors: r-devel-linux-x86_64-fedora-clang, r-devel-windows-x86_64, r-release-macos-arm64, r-release-macos-x86_64, r-release-windows-x86_64, r-oldrel-macos-arm64, r-oldrel-macos-x86_64, r-oldrel-windows-x86_64