CRAN Package Check Results for Package manifestoR

Last updated on 2019-07-17 22:54:33 CEST.

Flavor Version Tinstall Tcheck Ttotal Status Flags
r-devel-linux-x86_64-debian-clang 1.3.0 7.20 52.26 59.46 NOTE
r-devel-linux-x86_64-debian-gcc 1.3.0 5.88 40.99 46.87 NOTE
r-devel-linux-x86_64-fedora-clang 1.3.0 78.22 NOTE
r-devel-linux-x86_64-fedora-gcc 1.3.0 73.07 NOTE
r-devel-windows-ix86+x86_64 1.3.0 21.00 99.00 120.00 NOTE
r-patched-linux-x86_64 1.3.0 6.38 51.44 57.82 NOTE
r-patched-solaris-x86 1.3.0 108.20 NOTE
r-release-linux-x86_64 1.3.0 6.39 50.52 56.91 NOTE
r-release-windows-ix86+x86_64 1.3.0 16.00 121.00 137.00 NOTE
r-release-osx-x86_64 1.3.0 NOTE
r-oldrel-windows-ix86+x86_64 1.3.0 13.00 92.00 105.00 NOTE
r-oldrel-osx-x86_64 1.3.0 OK

Check Details

Version: 1.3.0
Check: R code for possible problems
Result: NOTE
    mp_corpus: no visible binding for global variable 'annotations'
    print.ManifestoAvailability: no visible binding for global variable
     'annotations'
    Undefined global functions or variables:
     annotations
Flavors: r-devel-linux-x86_64-debian-clang, r-devel-linux-x86_64-debian-gcc, r-devel-linux-x86_64-fedora-clang, r-devel-linux-x86_64-fedora-gcc, r-devel-windows-ix86+x86_64, r-patched-linux-x86_64, r-patched-solaris-x86, r-release-linux-x86_64, r-release-windows-ix86+x86_64, r-release-osx-x86_64, r-oldrel-windows-ix86+x86_64