Last updated on 2021-04-16 22:51:02 CEST.
Flavor | Version | Tinstall | Tcheck | Ttotal | Status | Flags |
---|---|---|---|---|---|---|
r-devel-linux-x86_64-debian-clang | 0.3.5 | 14.23 | 150.08 | 164.31 | NOTE | |
r-devel-linux-x86_64-debian-gcc | 0.3.5 | 13.03 | 114.03 | 127.06 | NOTE | |
r-devel-linux-x86_64-fedora-clang | 0.3.5 | 208.73 | NOTE | |||
r-devel-linux-x86_64-fedora-gcc | 0.3.5 | 191.22 | NOTE | |||
r-devel-windows-ix86+x86_64 | 0.3.5 | 38.00 | 4.00 | 42.00 | ERROR | |
r-devel-windows-x86_64-gcc10-UCRT | 0.3.5 | NOTE | ||||
r-patched-linux-x86_64 | 0.3.5 | 15.13 | 138.67 | 153.80 | OK | |
r-patched-solaris-x86 | 0.3.5 | 285.40 | OK | |||
r-release-linux-x86_64 | 0.3.5 | 14.49 | 140.11 | 154.60 | OK | |
r-release-macos-x86_64 | 0.3.5 | OK | ||||
r-release-windows-ix86+x86_64 | 0.3.5 | 37.00 | 194.00 | 231.00 | OK | |
r-oldrel-macos-x86_64 | 0.3.5 | OK | ||||
r-oldrel-windows-ix86+x86_64 | 0.3.5 | 23.00 | 172.00 | 195.00 | OK |
Version: 0.3.5
Check: LazyData
Result: NOTE
'LazyData' is specified without a 'data' directory
Flavors: r-devel-linux-x86_64-debian-clang, r-devel-linux-x86_64-debian-gcc, r-devel-linux-x86_64-fedora-clang, r-devel-linux-x86_64-fedora-gcc, r-devel-windows-x86_64-gcc10-UCRT
Version: 0.3.5
Check: whether package can be installed
Result: ERROR
Installation failed.
See for details.
*
Flavor: r-devel-windows-ix86+x86_64