Last updated on 2023-06-04 23:00:03 CEST.
Flavor | Version | Tinstall | Tcheck | Ttotal | Status | Flags |
---|---|---|---|---|---|---|
r-devel-linux-x86_64-debian-clang | 0.2.5 | 130.53 | 110.78 | 241.31 | OK | |
r-devel-linux-x86_64-debian-gcc | 0.2.5 | 104.67 | 84.46 | 189.13 | OK | |
r-devel-linux-x86_64-fedora-clang | 0.2.5 | 350.20 | OK | |||
r-devel-linux-x86_64-fedora-gcc | 0.2.5 | 341.20 | OK | |||
r-devel-windows-x86_64 | 0.2.5 | 102.00 | 133.00 | 235.00 | OK | |
r-patched-linux-x86_64 | 0.2.5 | 75.73 | 107.10 | 182.83 | OK | |
r-release-linux-x86_64 | 0.2.5 | 81.74 | 105.39 | 187.13 | OK | |
r-release-macos-arm64 | 0.2.5 | 83.00 | NOTE | |||
r-release-macos-x86_64 | 0.2.5 | 147.00 | NOTE | |||
r-release-windows-x86_64 | 0.2.5 | 131.00 | 157.00 | 288.00 | OK | |
r-oldrel-macos-arm64 | 0.2.5 | 81.00 | NOTE | |||
r-oldrel-macos-x86_64 | 0.2.5 | 103.00 | NOTE | |||
r-oldrel-windows-x86_64 | 0.2.5 | 124.00 | 135.00 | 259.00 | OK |
Version: 0.2.5
Check: installed package size
Result: NOTE
installed size is 6.1Mb
sub-directories of 1Mb or more:
libs 5.9Mb
Flavors: r-release-macos-arm64, r-release-macos-x86_64, r-oldrel-macos-arm64, r-oldrel-macos-x86_64