Last updated on 2023-01-29 23:03:13 CET.
Flavor | Version | Tinstall | Tcheck | Ttotal | Status | Flags |
---|---|---|---|---|---|---|
r-devel-linux-x86_64-debian-clang | 0.5.2 | 7.32 | 68.58 | 75.90 | NOTE | |
r-devel-linux-x86_64-debian-gcc | 0.5.2 | 6.12 | 52.12 | 58.24 | NOTE | |
r-devel-linux-x86_64-fedora-clang | 0.5.2 | 104.65 | NOTE | |||
r-devel-linux-x86_64-fedora-gcc | 0.5.2 | 98.08 | NOTE | |||
r-devel-windows-x86_64 | 0.5.2 | 24.00 | 101.00 | 125.00 | NOTE | |
r-patched-linux-x86_64 | 0.5.2 | 6.01 | 66.73 | 72.74 | NOTE | |
r-release-linux-x86_64 | 0.5.2 | 7.16 | 68.48 | 75.64 | NOTE | |
r-release-macos-arm64 | 0.5.2 | 31.00 | NOTE | |||
r-release-macos-x86_64 | 0.5.2 | 52.00 | NOTE | |||
r-release-windows-x86_64 | 0.5.2 | 25.00 | 100.00 | 125.00 | NOTE | |
r-oldrel-macos-arm64 | 0.5.2 | 34.00 | OK | |||
r-oldrel-macos-x86_64 | 0.5.2 | 51.00 | OK | |||
r-oldrel-windows-ix86+x86_64 | 0.5.2 | 19.00 | 96.00 | 115.00 | OK |
Version: 0.5.2
Check: package dependencies
Result: NOTE
Package suggested but not available for checking: ‘scrubr’
Flavors: r-devel-linux-x86_64-debian-clang, r-devel-linux-x86_64-debian-gcc, r-devel-linux-x86_64-fedora-clang, r-devel-linux-x86_64-fedora-gcc, r-devel-windows-x86_64, r-patched-linux-x86_64, r-release-linux-x86_64, r-release-macos-arm64, r-release-macos-x86_64, r-release-windows-x86_64