Last updated on 2023-01-30 22:57:14 CET.
Flavor | Version | Tinstall | Tcheck | Ttotal | Status | Flags |
---|---|---|---|---|---|---|
r-devel-linux-x86_64-debian-clang | 0.5.3 | 3.85 | 61.49 | 65.34 | NOTE | |
r-devel-linux-x86_64-debian-gcc | 0.5.3 | 3.51 | 47.00 | 50.51 | NOTE | |
r-devel-linux-x86_64-fedora-clang | 0.5.3 | 81.35 | NOTE | |||
r-devel-linux-x86_64-fedora-gcc | 0.5.3 | 91.44 | NOTE | |||
r-devel-windows-x86_64 | 0.5.3 | 24.00 | 108.00 | 132.00 | NOTE | |
r-patched-linux-x86_64 | 0.5.3 | 4.03 | 58.74 | 62.77 | OK | |
r-release-linux-x86_64 | 0.5.3 | 4.27 | 59.53 | 63.80 | OK | |
r-release-macos-arm64 | 0.5.3 | 28.00 | NOTE | |||
r-release-macos-x86_64 | 0.5.3 | 52.00 | NOTE | |||
r-release-windows-x86_64 | 0.5.3 | 14.00 | 115.00 | 129.00 | OK | |
r-oldrel-macos-arm64 | 0.5.3 | 33.00 | NOTE | |||
r-oldrel-macos-x86_64 | 0.5.3 | 54.00 | NOTE | |||
r-oldrel-windows-ix86+x86_64 | 0.5.3 | 9.00 | 98.00 | 107.00 | OK |
Version: 0.5.3
Check: package subdirectories
Result: NOTE
Problems with news in ‘NEWS.md’:
Cannot extract version info from the following section titles:
To do
Flavors: r-devel-linux-x86_64-debian-clang, r-devel-linux-x86_64-debian-gcc, r-devel-linux-x86_64-fedora-clang, r-devel-linux-x86_64-fedora-gcc, r-devel-windows-x86_64
Version: 0.5.3
Check: data for non-ASCII characters
Result: NOTE
Note: found 55 marked UTF-8 strings
Flavors: r-devel-linux-x86_64-fedora-clang, r-devel-linux-x86_64-fedora-gcc, r-release-macos-arm64, r-release-macos-x86_64, r-oldrel-macos-arm64, r-oldrel-macos-x86_64