Last updated on 2023-12-06 23:12:04 CET.
Flavor | Version | Tinstall | Tcheck | Ttotal | Status | Flags |
---|---|---|---|---|---|---|
r-devel-linux-x86_64-debian-clang | 0.0.2 | 103.62 | 55.28 | 158.90 | NOTE | |
r-devel-linux-x86_64-debian-gcc | 0.0.2 | 71.95 | 37.22 | 109.17 | NOTE | |
r-devel-linux-x86_64-fedora-clang | 0.0.2 | 238.14 | OK | |||
r-devel-linux-x86_64-fedora-gcc | 0.0.2 | 226.44 | OK | |||
r-devel-windows-x86_64 | 0.0.2 | 77.00 | 82.00 | 159.00 | OK | |
r-patched-linux-x86_64 | 0.0.2 | 86.57 | 51.16 | 137.73 | OK | |
r-release-linux-x86_64 | 0.0.2 | 82.59 | 51.49 | 134.08 | OK | |
r-release-macos-arm64 | 0.0.2 | 52.00 | OK | |||
r-release-macos-x86_64 | 0.0.2 | 90.00 | OK | |||
r-release-windows-x86_64 | 0.0.2 | 97.00 | 88.00 | 185.00 | OK | |
r-oldrel-macos-arm64 | 0.0.2 | 53.00 | OK | |||
r-oldrel-macos-x86_64 | 0.0.2 | 67.00 | OK | |||
r-oldrel-windows-x86_64 | 0.0.2 | 93.00 | 95.00 | 188.00 | OK |
Version: 0.0.2
Check: Rd files
Result: NOTE
checkRd: (-1) marble.Rd:53: Lost braces; missing escapes or markup?
53 | When {sparse=TRUE} (default), spike--and--slab priors are imposed to identify important main and interaction effects. If {sparse=FALSE}, Laplacian shrinkage will be used.
| ^
checkRd: (-1) marble.Rd:53: Lost braces; missing escapes or markup?
53 | When {sparse=TRUE} (default), spike--and--slab priors are imposed to identify important main and interaction effects. If {sparse=FALSE}, Laplacian shrinkage will be used.
| ^
checkRd: (-1) marble.Rd:55: Lost braces; missing escapes or markup?
55 | When {robust=TRUE} (default), the distribution of \eqn{\epsilon_{i}} is defined as a Laplace distribution with density
| ^
checkRd: (-1) marble.Rd:58: Lost braces; missing escapes or markup?
58 | }, (\eqn{i=1,\dots,n}), which leads to a Bayesian formulation of LAD regression. If {robust=FALSE}, \eqn{\epsilon_{i}} follows a normal distribution.
| ^
Flavors: r-devel-linux-x86_64-debian-clang, r-devel-linux-x86_64-debian-gcc