Last updated on 2023-06-07 22:02:47 CEST.
Flavor | Version | Tinstall | Tcheck | Ttotal | Status | Flags |
---|---|---|---|---|---|---|
r-devel-linux-x86_64-debian-clang | 0.12.0 | 35.40 | 132.10 | 167.50 | OK | |
r-devel-linux-x86_64-debian-gcc | 0.12.0 | 27.80 | 95.62 | 123.42 | OK | |
r-devel-linux-x86_64-fedora-clang | 0.12.0 | 230.58 | NOTE | |||
r-devel-linux-x86_64-fedora-gcc | 0.12.0 | 213.20 | OK | |||
r-devel-windows-x86_64 | 0.12.0 | 32.00 | 124.00 | 156.00 | OK | |
r-patched-linux-x86_64 | 0.12.0 | 33.48 | 122.71 | 156.19 | OK | |
r-release-linux-x86_64 | 0.12.0 | 33.94 | 122.07 | 156.01 | OK | |
r-release-macos-arm64 | 0.12.0 | 58.00 | OK | |||
r-release-macos-x86_64 | 0.11.1 | 99.00 | NOTE | |||
r-release-windows-x86_64 | 0.12.0 | 41.00 | 157.00 | 198.00 | OK | |
r-oldrel-macos-arm64 | 0.12.0 | 57.00 | OK | |||
r-oldrel-macos-x86_64 | 0.12.0 | 70.00 | OK | |||
r-oldrel-windows-x86_64 | 0.12.0 | 38.00 | 148.00 | 186.00 | OK |
Version: 0.12.0
Check: Rd cross-references
Result: NOTE
Undeclared package ‘robustlmm’ in Rd xrefs
Flavor: r-devel-linux-x86_64-fedora-clang
Version: 0.11.1
Check: package dependencies
Result: NOTE
Packages suggested but not available for checking:
'AER', 'afex', 'brms', 'brmsmargins', 'ivreg', 'rstanarm',
'rstantools', 'sampleSelection', 'tidymodels'
Flavor: r-release-macos-x86_64
Version: 0.11.1
Check: Rd cross-references
Result: NOTE
Packages unavailable to check Rd xrefs: ‘brms’, ‘robustlmm’, ‘car’
Flavor: r-release-macos-x86_64