Last updated on 2023-12-03 22:57:12 CET.
Flavor | Version | Tinstall | Tcheck | Ttotal | Status | Flags |
---|---|---|---|---|---|---|
r-devel-linux-x86_64-debian-clang | 0.2.1 | 112.66 | 41.81 | 154.47 | OK | |
r-devel-linux-x86_64-debian-gcc | 0.2.1 | 89.46 | 37.11 | 126.57 | OK | |
r-devel-linux-x86_64-fedora-clang | 0.2.1 | 175.15 | OK | |||
r-devel-linux-x86_64-fedora-gcc | 0.2.1 | 229.26 | OK | |||
r-devel-windows-x86_64 | 0.2.1 | 70.00 | 78.00 | 148.00 | OK | |
r-patched-linux-x86_64 | 0.2.1 | 91.68 | 47.33 | 139.01 | OK | |
r-release-linux-x86_64 | 0.2.1 | 92.25 | 48.40 | 140.65 | OK | |
r-release-macos-arm64 | 0.2.1 | 49.00 | NOTE | |||
r-release-macos-x86_64 | 0.2.1 | 131.00 | NOTE | |||
r-release-windows-x86_64 | 0.2.1 | 90.00 | 86.00 | 176.00 | OK | |
r-oldrel-macos-arm64 | 0.2.1 | 50.00 | NOTE | |||
r-oldrel-macos-x86_64 | 0.2 | 99.00 | NOTE | |||
r-oldrel-windows-x86_64 | 0.2.1 | 83.00 | 89.00 | 172.00 | OK |
Version: 0.2.1
Check: installed package size
Result: NOTE
installed size is 42.0Mb
sub-directories of 1Mb or more:
libs 41.8Mb
Flavors: r-release-macos-arm64, r-release-macos-x86_64, r-oldrel-macos-arm64
Version: 0.2
Check: installed package size
Result: NOTE
installed size is 47.1Mb
sub-directories of 1Mb or more:
libs 46.9Mb
Flavor: r-oldrel-macos-x86_64