Last updated on 2024-04-18 22:52:48 CEST.
Flavor | Version | Tinstall | Tcheck | Ttotal | Status | Flags |
---|---|---|---|---|---|---|
r-devel-linux-x86_64-debian-clang | 0.1.5.2 | 88.72 | 113.62 | 202.34 | OK | |
r-devel-linux-x86_64-debian-gcc | 0.1.5.2 | 65.23 | 88.24 | 153.47 | OK | |
r-devel-linux-x86_64-fedora-clang | 0.1.5.2 | 243.77 | OK | |||
r-devel-linux-x86_64-fedora-gcc | 0.1.5.2 | 253.28 | OK | |||
r-prerel-macos-arm64 | 0.1.5.2 | 56.00 | NOTE | |||
r-prerel-windows-x86_64 | 0.1.5.2 | 62.00 | 114.00 | 176.00 | OK | |
r-patched-linux-x86_64 | 0.1.5.2 | 82.17 | 113.57 | 195.74 | OK | |
r-release-linux-x86_64 | 0.1.5.2 | 65.87 | 116.25 | 182.12 | OK | |
r-release-macos-arm64 | 0.1.5.2 | 68.00 | NOTE | |||
r-release-macos-x86_64 | 0.1.5.2 | 114.00 | NOTE | |||
r-release-windows-x86_64 | 0.1.5.2 | 75.00 | 142.00 | 217.00 | OK | |
r-oldrel-macos-arm64 | 0.1.5.2 | 64.00 | NOTE | |||
r-oldrel-windows-x86_64 | 0.1.5.2 | 71.00 | 140.00 | 211.00 | OK |
Version: 0.1.5.2
Check: installed package size
Result: NOTE
installed size is 18.9Mb
sub-directories of 1Mb or more:
libs 18.6Mb
Flavors: r-prerel-macos-arm64, r-release-macos-arm64, r-release-macos-x86_64, r-oldrel-macos-arm64