Last updated on 2023-09-21 23:03:24 CEST.
Flavor | Version | Tinstall | Tcheck | Ttotal | Status | Flags |
---|---|---|---|---|---|---|
r-devel-linux-x86_64-debian-clang | 2.0 | 71.04 | 154.66 | 225.70 | NOTE | |
r-devel-linux-x86_64-debian-gcc | 2.0 | 52.63 | 109.37 | 162.00 | NOTE | |
r-devel-linux-x86_64-fedora-clang | 2.0 | 287.11 | NOTE | |||
r-devel-linux-x86_64-fedora-gcc | 2.0 | 287.12 | NOTE | |||
r-devel-windows-x86_64 | 2.0 | 54.00 | 127.00 | 181.00 | NOTE | |
r-patched-linux-x86_64 | 2.0 | 69.05 | 144.25 | 213.30 | NOTE | |
r-release-linux-x86_64 | 2.0 | 69.79 | 147.26 | 217.05 | NOTE | |
r-release-macos-arm64 | 2.0 | 72.00 | NOTE | |||
r-release-macos-x86_64 | 2.0 | 127.00 | NOTE | |||
r-release-windows-x86_64 | 2.0 | 74.00 | 161.00 | 235.00 | NOTE | |
r-oldrel-macos-arm64 | 2.0 | 61.00 | OK | |||
r-oldrel-macos-x86_64 | 2.0 | 87.00 | OK | |||
r-oldrel-windows-x86_64 | 2.0 | 71.00 | 157.00 | 228.00 | OK |
Version: 2.0
Check: C++ specification
Result: NOTE
Specified C++11: please drop specification unless essential
Flavors: r-devel-linux-x86_64-debian-clang, r-devel-linux-x86_64-debian-gcc, r-devel-linux-x86_64-fedora-clang, r-devel-linux-x86_64-fedora-gcc, r-devel-windows-x86_64, r-patched-linux-x86_64, r-release-linux-x86_64, r-release-macos-arm64, r-release-macos-x86_64, r-release-windows-x86_64