CRAN Package Check Results for Package matchingMarkets

Last updated on 2018-02-24 22:47:34 CET.

Flavor Version Tinstall Tcheck Ttotal Status Flags
r-devel-linux-x86_64-debian-clang 0.3-4 78.20 137.47 215.67 OK
r-devel-linux-x86_64-debian-gcc 0.3-5 107.22 105.29 212.51 OK
r-devel-linux-x86_64-fedora-clang 0.3-5 290.70 NOTE
r-devel-linux-x86_64-fedora-gcc 0.3-5 345.65 NOTE
r-devel-windows-ix86+x86_64 0.3-4 219.00 171.00 390.00 NOTE
r-patched-linux-x86_64 0.3-4 77.68 149.42 227.10 OK
r-patched-solaris-x86 0.3-5 332.20 NOTE
r-release-linux-x86_64 0.3-5 125.55 152.50 278.05 OK
r-release-windows-ix86+x86_64 0.3-4 139.00 234.00 373.00 NOTE
r-release-osx-x86_64 0.3-5 NOTE
r-oldrel-windows-ix86+x86_64 0.3-4 147.00 178.00 325.00 NOTE
r-oldrel-osx-x86_64 0.3-3 NOTE

Check Details

Version: 0.3-5
Check: installed package size
Result: NOTE
     installed size is 12.6Mb
     sub-directories of 1Mb or more:
     java 3.3Mb
     libs 8.1Mb
Flavors: r-devel-linux-x86_64-fedora-clang, r-devel-linux-x86_64-fedora-gcc, r-patched-solaris-x86, r-release-osx-x86_64

Version: 0.3-4
Check: installed package size
Result: NOTE
     installed size is 6.6Mb
     sub-directories of 1Mb or more:
     java 3.3Mb
     libs 2.2Mb
Flavors: r-devel-windows-ix86+x86_64, r-release-windows-ix86+x86_64, r-oldrel-windows-ix86+x86_64

Version: 0.3-3
Check: installed package size
Result: NOTE
     installed size is 9.3Mb
     sub-directories of 1Mb or more:
     java 3.3Mb
     libs 5.0Mb
Flavor: r-oldrel-osx-x86_64