CRAN Package Check Results for Package matchingMarkets

Last updated on 2017-11-24 22:51:19 CET.

Flavor Version Tinstall Tcheck Ttotal Status Flags
r-devel-linux-x86_64-debian-clang 0.3-3 66.53 211.45 277.99 OK
r-devel-linux-x86_64-debian-gcc 0.3-3 63.45 180.87 244.32 OK
r-devel-linux-x86_64-fedora-clang 0.3-3 246.55 NOTE
r-devel-linux-x86_64-fedora-gcc 0.3-3 250.89 NOTE
r-devel-windows-ix86+x86_64 0.3-3 136.00 227.00 363.00 NOTE
r-patched-linux-x86_64 0.3-3 75.85 224.52 300.37 OK
r-patched-solaris-x86 0.3-3 287.30 NOTE
r-release-linux-x86_64 0.3-3 74.22 217.25 291.47 OK
r-release-windows-ix86+x86_64 0.3-3 143.00 154.00 297.00 NOTE
r-release-osx-x86_64 0.3-3 WARN
r-oldrel-windows-ix86+x86_64 0.3-3 147.00 165.00 312.00 NOTE
r-oldrel-osx-x86_64 0.3-3 NOTE

Check Details

Version: 0.3-3
Check: installed package size
Result: NOTE
     installed size is 9.8Mb
     sub-directories of 1Mb or more:
     java 3.3Mb
     libs 5.5Mb
Flavors: r-devel-linux-x86_64-fedora-clang, r-devel-linux-x86_64-fedora-gcc, r-devel-windows-ix86+x86_64, r-patched-solaris-x86, r-release-windows-ix86+x86_64, r-release-osx-x86_64, r-oldrel-windows-ix86+x86_64, r-oldrel-osx-x86_64

Version: 0.3-3
Check: re-building of vignette outputs
Result: WARN
    Error in re-building vignettes:
     ...
    Warning: running command 'kpsewhich framed.sty' had status 1
    Warning in test_latex_pkg("framed", system.file("misc", "framed.sty", package = "knitr")) :
     unable to find LaTeX package 'framed'; will use a copy from knitr
    0% 10 20 30 40 50 60 70 80 90 100%
    |----|----|----|----|----|----|----|----|----|----|
    **************************************************|
    Warning: glm.fit: fitted probabilities numerically 0 or 1 occurred
    Warning: glm.fit: fitted probabilities numerically 0 or 1 occurred
    Error in texi2dvi(file = file, pdf = TRUE, clean = clean, quiet = quiet, :
     Running 'texi2dvi' on 'matching.tex' failed.
    LaTeX errors:
    ! LaTeX Error: File `bbm.sty' not found.
    
    Type X to quit or <RETURN> to proceed,
    or enter new name. (Default extension: sty)
    
    ! Emergency stop.
    <read *>
    
    l.54 \usepackage
     {tikz}^^M
    ! ==> Fatal error occurred, no output PDF file produced!
    Calls: buildVignettes -> texi2pdf -> texi2dvi
    Execution halted
Flavor: r-release-osx-x86_64