CRAN Package Check Results for Package matchingMarkets

Last updated on 2018-09-23 22:47:02 CEST.

Flavor Version Tinstall Tcheck Ttotal Status Flags
r-devel-linux-x86_64-debian-clang 0.3-5 137.07 134.18 271.25 WARN
r-devel-linux-x86_64-debian-gcc 0.3-5 112.10 103.59 215.69 OK
r-devel-linux-x86_64-fedora-clang 0.3-5 376.25 WARN
r-devel-linux-x86_64-fedora-gcc 0.3-5 336.13 OK
r-devel-windows-ix86+x86_64 0.3-5 345.00 227.00 572.00 NOTE
r-patched-linux-x86_64 0.3-5 132.88 128.34 261.22 OK
r-patched-solaris-x86 0.3-5 331.70 NOTE
r-release-linux-x86_64 0.3-5 126.21 127.94 254.15 OK
r-release-windows-ix86+x86_64 0.3-5 263.00 165.00 428.00 NOTE
r-release-osx-x86_64 0.3-5 NOTE
r-oldrel-windows-ix86+x86_64 0.3-5 262.00 234.00 496.00 NOTE
r-oldrel-osx-x86_64 0.3-5 NOTE

Check Details

Version: 0.3-5
Check: whether package can be installed
Result: WARN
    Found the following significant warnings:
     stabitSel2.cpp:80:26: warning: explicitly assigning value of variable of type 'arma::mat' (aka 'Mat<double>') to itself [-Wself-assign-overloaded]
     stabitSel2.cpp:90:25: warning: explicitly assigning value of variable of type 'arma::mat' (aka 'Mat<double>') to itself [-Wself-assign-overloaded]
Flavors: r-devel-linux-x86_64-debian-clang, r-devel-linux-x86_64-fedora-clang

Version: 0.3-5
Check: installed package size
Result: NOTE
     installed size is 13.3Mb
     sub-directories of 1Mb or more:
     java 3.3Mb
     libs 8.7Mb
Flavors: r-devel-linux-x86_64-fedora-clang, r-devel-windows-ix86+x86_64, r-patched-solaris-x86, r-release-windows-ix86+x86_64, r-release-osx-x86_64, r-oldrel-windows-ix86+x86_64, r-oldrel-osx-x86_64