CRAN Package Check Results for Package matchingMarkets

Last updated on 2018-06-24 22:49:26 CEST.

Flavor Version Tinstall Tcheck Ttotal Status Flags
r-devel-linux-x86_64-debian-clang 0.3-5 137.16 134.27 271.43 OK
r-devel-linux-x86_64-debian-gcc 0.3-5 105.12 102.22 207.34 OK
r-devel-linux-x86_64-fedora-clang 0.3-5 369.56 NOTE
r-devel-linux-x86_64-fedora-gcc 0.3-5 333.20 OK
r-devel-windows-ix86+x86_64 0.3-5 343.00 183.00 526.00 NOTE
r-patched-linux-x86_64 0.3-5 130.91 126.66 257.57 OK
r-patched-solaris-x86 0.3-5 334.20 NOTE
r-release-linux-x86_64 0.3-5 129.44 127.30 256.74 OK
r-release-windows-ix86+x86_64 0.3-5 337.00 157.00 494.00 NOTE
r-release-osx-x86_64 0.3-5 NOTE
r-oldrel-windows-ix86+x86_64 0.3-5 339.00 162.00 501.00 NOTE
r-oldrel-osx-x86_64 0.3-5 NOTE

Check Details

Version: 0.3-5
Check: installed package size
Result: NOTE
     installed size is 12.7Mb
     sub-directories of 1Mb or more:
     java 3.3Mb
     libs 8.2Mb
Flavors: r-devel-linux-x86_64-fedora-clang, r-devel-windows-ix86+x86_64, r-patched-solaris-x86, r-release-windows-ix86+x86_64, r-release-osx-x86_64, r-oldrel-windows-ix86+x86_64, r-oldrel-osx-x86_64