CRAN Package Check Results for Package matchingR

Last updated on 2023-12-09 21:54:21 CET.

Flavor Version Tinstall Tcheck Ttotal Status Flags
r-devel-linux-x86_64-debian-clang 1.3.3 79.57 42.75 122.32 NOTE
r-devel-linux-x86_64-debian-gcc 1.3.3 49.23 33.68 82.91 NOTE
r-devel-linux-x86_64-fedora-clang 1.3.3 174.40 NOTE
r-devel-linux-x86_64-fedora-gcc 1.3.3 176.31 NOTE
r-devel-windows-x86_64 1.3.3 54.00 82.00 136.00 NOTE
r-patched-linux-x86_64 1.3.3 65.28 43.64 108.92 NOTE
r-release-linux-x86_64 1.3.3 58.24 42.31 100.55 NOTE
r-release-macos-arm64 1.3.3 45.00 NOTE
r-release-macos-x86_64 1.3.3 84.00 NOTE
r-release-windows-x86_64 1.3.3 71.00 89.00 160.00 NOTE
r-oldrel-macos-arm64 1.3.3 46.00 OK
r-oldrel-macos-x86_64 1.3.3 54.00 OK
r-oldrel-windows-x86_64 1.3.3 69.00 84.00 153.00 OK

Check Details

Version: 1.3.3
Check: C++ specification
Result: NOTE Specified C++11: please drop specification unless essential Flavors: r-devel-linux-x86_64-debian-clang, r-devel-linux-x86_64-debian-gcc, r-devel-linux-x86_64-fedora-clang, r-devel-linux-x86_64-fedora-gcc, r-devel-windows-x86_64, r-patched-linux-x86_64, r-release-linux-x86_64, r-release-macos-arm64, r-release-macos-x86_64, r-release-windows-x86_64