Last updated on 2024-04-22 23:09:55 CEST.
Flavor | Version | Tinstall | Tcheck | Ttotal | Status | Flags |
---|---|---|---|---|---|---|
r-devel-linux-x86_64-debian-clang | 0.1.1 | 2.04 | 32.91 | 34.95 | OK | |
r-devel-linux-x86_64-debian-gcc | 0.1.1 | 1.85 | 25.14 | 26.99 | OK | |
r-devel-linux-x86_64-fedora-clang | 0.1.1 | 46.06 | OK | |||
r-devel-linux-x86_64-fedora-gcc | 0.1.1 | 56.47 | OK | |||
r-prerel-macos-arm64 | 0.1.1 | 23.00 | OK | |||
r-prerel-windows-x86_64 | 0.1.1 | 4.00 | 48.00 | 52.00 | OK | |
r-patched-linux-x86_64 | 0.1.1 | 2.03 | 31.52 | 33.55 | OK | |
r-release-linux-x86_64 | 0.1.1 | 2.51 | 30.28 | 32.79 | OK | |
r-release-macos-arm64 | 0.1.1 | 25.00 | OK | |||
r-release-macos-x86_64 | 0.1.1 | 33.00 | NOTE | |||
r-release-windows-x86_64 | 0.1.1 | 3.00 | 47.00 | 50.00 | OK | |
r-oldrel-macos-arm64 | 0.1.1 | 20.00 | OK | |||
r-oldrel-windows-x86_64 | 0.1.1 | 4.00 | 55.00 | 59.00 | OK |
Version: 0.1.1
Check: package dependencies
Result: NOTE
Package suggested but not available for checking: ‘MBSP’
Flavor: r-release-macos-x86_64