Last updated on 2023-12-07 21:55:51 CET.
Flavor | Version | Tinstall | Tcheck | Ttotal | Status | Flags |
---|---|---|---|---|---|---|
r-devel-linux-x86_64-debian-clang | 0.1.9 | 149.85 | 36.18 | 186.03 | NOTE | |
r-devel-linux-x86_64-debian-gcc | 0.1.9 | 109.21 | 28.81 | 138.02 | NOTE | |
r-devel-linux-x86_64-fedora-clang | 0.1.9 | 280.40 | NOTE | |||
r-devel-linux-x86_64-fedora-gcc | 0.1.9 | 287.02 | NOTE | |||
r-devel-windows-x86_64 | 0.1.9 | 121.00 | 77.00 | 198.00 | NOTE | |
r-patched-linux-x86_64 | 0.1.9 | 131.79 | 36.38 | 168.17 | NOTE | |
r-release-linux-x86_64 | 0.1.9 | 135.47 | 35.55 | 171.02 | NOTE | |
r-release-macos-arm64 | 0.1.9 | 75.00 | NOTE | |||
r-release-macos-x86_64 | 0.1.9 | 111.00 | NOTE | |||
r-release-windows-x86_64 | 0.1.9 | 153.00 | 85.00 | 238.00 | NOTE | |
r-oldrel-macos-arm64 | 0.1.9 | 70.00 | NOTE | |||
r-oldrel-macos-x86_64 | 0.1.9 | 85.00 | NOTE | |||
r-oldrel-windows-x86_64 | 0.1.9 | 141.00 | 77.00 | 218.00 | NOTE |
Version: 0.1.9
Check: C++ specification
Result: NOTE
Specified C++11: please drop specification unless essential
Flavors: r-devel-linux-x86_64-debian-clang, r-devel-linux-x86_64-debian-gcc, r-devel-linux-x86_64-fedora-clang, r-devel-linux-x86_64-fedora-gcc, r-devel-windows-x86_64, r-patched-linux-x86_64, r-release-linux-x86_64, r-release-macos-arm64, r-release-macos-x86_64, r-release-windows-x86_64
Version: 0.1.9
Check: for GNU extensions in Makefiles
Result: NOTE
GNU make is a SystemRequirements.
Flavors: r-devel-linux-x86_64-debian-clang, r-devel-linux-x86_64-debian-gcc, r-devel-linux-x86_64-fedora-clang, r-devel-linux-x86_64-fedora-gcc, r-devel-windows-x86_64, r-patched-linux-x86_64, r-release-linux-x86_64, r-release-macos-arm64, r-release-macos-x86_64, r-release-windows-x86_64, r-oldrel-macos-arm64, r-oldrel-macos-x86_64, r-oldrel-windows-x86_64
Version: 0.1.9
Check: installed package size
Result: NOTE
installed size is 8.7Mb
sub-directories of 1Mb or more:
libs 8.4Mb
Flavors: r-release-macos-arm64, r-release-macos-x86_64, r-oldrel-macos-arm64, r-oldrel-macos-x86_64