CRAN Package Check Results for Package mau

Last updated on 2019-07-17 22:54:33 CEST.

Flavor Version Tinstall Tcheck Ttotal Status Flags
r-devel-linux-x86_64-debian-clang 0.1.2 4.67 55.22 59.89 NOTE
r-devel-linux-x86_64-debian-gcc 0.1.2 3.80 42.72 46.52 NOTE
r-devel-linux-x86_64-fedora-clang 0.1.2 77.62 NOTE
r-devel-linux-x86_64-fedora-gcc 0.1.2 65.90 NOTE
r-devel-windows-ix86+x86_64 0.1.2 15.00 101.00 116.00 OK
r-patched-linux-x86_64 0.1.2 4.68 53.08 57.76 OK
r-patched-solaris-x86 0.1.2 110.60 OK
r-release-linux-x86_64 0.1.2 5.17 52.09 57.26 OK
r-release-windows-ix86+x86_64 0.1.2 13.00 91.00 104.00 OK
r-release-osx-x86_64 0.1.2 OK
r-oldrel-windows-ix86+x86_64 0.1.2 7.00 94.00 101.00 OK
r-oldrel-osx-x86_64 0.1.2 OK

Check Details

Version: 0.1.2
Check: for non-standard things in the check directory
Result: NOTE
    Found the following files/directories:
     'utilities.R'
Flavors: r-devel-linux-x86_64-debian-clang, r-devel-linux-x86_64-debian-gcc, r-devel-linux-x86_64-fedora-clang, r-devel-linux-x86_64-fedora-gcc