Last updated on 2023-02-06 21:54:51 CET.
Flavor | Version | Tinstall | Tcheck | Ttotal | Status | Flags |
---|---|---|---|---|---|---|
r-devel-linux-x86_64-debian-clang | 0.1.2 | 6.91 | 71.30 | 78.21 | NOTE | |
r-devel-linux-x86_64-debian-gcc | 0.1.2 | 5.30 | 52.24 | 57.54 | NOTE | |
r-devel-linux-x86_64-fedora-clang | 0.1.2 | 102.85 | NOTE | |||
r-devel-linux-x86_64-fedora-gcc | 0.1.2 | 103.55 | NOTE | |||
r-devel-windows-x86_64 | 0.1.2 | 17.00 | 106.00 | 123.00 | OK | |
r-patched-linux-x86_64 | 0.1.2 | 7.17 | 69.19 | 76.36 | NOTE | |
r-release-linux-x86_64 | 0.1.2 | 7.46 | 68.62 | 76.08 | NOTE | |
r-release-macos-arm64 | 0.1.2 | 34.00 | OK | |||
r-release-macos-x86_64 | 0.1.2 | 60.00 | OK | |||
r-release-windows-x86_64 | 0.1.2 | 14.00 | 117.00 | 131.00 | OK | |
r-oldrel-macos-arm64 | 0.1.2 | 49.00 | OK | |||
r-oldrel-macos-x86_64 | 0.1.2 | 48.00 | OK | |||
r-oldrel-windows-ix86+x86_64 | 0.1.2 | 17.00 | 98.00 | 115.00 | OK |
Version: 0.1.2
Check: for non-standard things in the check directory
Result: NOTE
Found the following files/directories:
‘utilities.R’
Flavors: r-devel-linux-x86_64-debian-clang, r-devel-linux-x86_64-debian-gcc, r-devel-linux-x86_64-fedora-clang, r-devel-linux-x86_64-fedora-gcc, r-patched-linux-x86_64, r-release-linux-x86_64