Last updated on 2024-03-28 23:01:49 CET.
Flavor | Version | Tinstall | Tcheck | Ttotal | Status | Flags |
---|---|---|---|---|---|---|
r-devel-linux-x86_64-debian-clang | 0.1.3 | 4.81 | 46.87 | 51.68 | NOTE | |
r-devel-linux-x86_64-debian-gcc | 0.1.3 | 4.47 | 35.67 | 40.14 | NOTE | |
r-devel-linux-x86_64-fedora-clang | 0.1.3 | 65.87 | NOTE | |||
r-devel-linux-x86_64-fedora-gcc | 0.1.3 | 63.89 | NOTE | |||
r-devel-windows-x86_64 | 0.1.3 | 7.00 | 71.00 | 78.00 | OK | |
r-patched-linux-x86_64 | 0.1.3 | 7.45 | 45.85 | 53.30 | NOTE | |
r-release-linux-x86_64 | 0.1.3 | 6.32 | 44.72 | 51.04 | NOTE | |
r-release-macos-arm64 | 0.1.3 | 24.00 | OK | |||
r-release-macos-x86_64 | 0.1.3 | 33.00 | OK | |||
r-release-windows-x86_64 | 0.1.3 | 9.00 | 79.00 | 88.00 | OK | |
r-oldrel-macos-arm64 | 0.1.3 | 24.00 | OK | |||
r-oldrel-windows-x86_64 | 0.1.3 | 9.00 | 68.00 | 77.00 | OK |
Version: 0.1.3
Check: for non-standard things in the check directory
Result: NOTE
Found the following files/directories:
‘map_5.png’ ‘maze_5.html’
Flavors: r-devel-linux-x86_64-debian-clang, r-devel-linux-x86_64-debian-gcc, r-devel-linux-x86_64-fedora-clang, r-devel-linux-x86_64-fedora-gcc, r-patched-linux-x86_64, r-release-linux-x86_64