CRAN Package Check Results for Package mbrglm

Last updated on 2024-06-13 22:49:34 CEST.

Flavor Version Tinstall Tcheck Ttotal Status Flags
r-devel-linux-x86_64-debian-clang 0.0.1 3.43 25.11 28.54 OK
r-devel-linux-x86_64-debian-gcc 0.0.1 2.63 20.06 22.69 OK
r-devel-linux-x86_64-fedora-clang 0.0.1 37.06 NOTE
r-devel-linux-x86_64-fedora-gcc 0.0.1 34.84 NOTE
r-devel-windows-x86_64 0.0.1 5.00 43.00 48.00 OK
r-patched-linux-x86_64 0.0.1 3.17 25.65 28.82 OK
r-release-linux-x86_64 0.0.1 2.66 24.91 27.57 OK
r-release-macos-arm64 0.0.1 17.00 OK
r-release-macos-x86_64 0.0.1 23.00 OK
r-release-windows-x86_64 0.0.1 5.00 43.00 48.00 OK
r-oldrel-macos-arm64 0.0.1 17.00 OK
r-oldrel-macos-x86_64 0.0.1 23.00 OK
r-oldrel-windows-x86_64 0.0.1 6.00 45.00 51.00 OK

Check Details

Version: 0.0.1
Check: compiled code
Result: NOTE File ‘mbrglm/libs/mbrglm.so’: Found no calls to: ‘R_registerRoutines’, ‘R_useDynamicSymbols’ It is good practice to register native routines and to disable symbol search. See ‘Writing portable packages’ in the ‘Writing R Extensions’ manual. Flavors: r-devel-linux-x86_64-fedora-clang, r-devel-linux-x86_64-fedora-gcc