CRAN Package Check Results for Package mbrglm

Last updated on 2023-09-23 23:00:50 CEST.

Flavor Version Tinstall Tcheck Ttotal Status Flags
r-devel-linux-x86_64-debian-clang 0.0.1 3.09 25.59 28.68 OK
r-devel-linux-x86_64-debian-gcc 0.0.1 2.54 20.13 22.67 OK
r-devel-linux-x86_64-fedora-clang 0.0.1 35.87 NOTE
r-devel-linux-x86_64-fedora-gcc 0.0.1 35.03 NOTE
r-devel-windows-x86_64 0.0.1 7.00 45.00 52.00 OK
r-patched-linux-x86_64 0.0.1 3.22 25.13 28.35 OK
r-release-linux-x86_64 0.0.1 2.68 25.58 28.26 OK
r-release-macos-arm64 0.0.1 17.00 OK
r-release-macos-x86_64 0.0.1 23.00 OK
r-release-windows-x86_64 0.0.1 5.00 44.00 49.00 OK
r-oldrel-macos-arm64 0.0.1 18.00 OK
r-oldrel-macos-x86_64 0.0.1 23.00 OK
r-oldrel-windows-x86_64 0.0.1 7.00 51.00 58.00 OK

Check Details

Version: 0.0.1
Check: compiled code
Result: NOTE
    File ‘mbrglm/libs/mbrglm.so’:
     Found no calls to: ‘R_registerRoutines’, ‘R_useDynamicSymbols’
    
    It is good practice to register native routines and to disable symbol
    search.
    
    See ‘Writing portable packages’ in the ‘Writing R Extensions’ manual.
Flavors: r-devel-linux-x86_64-fedora-clang, r-devel-linux-x86_64-fedora-gcc