Last updated on 2024-03-27 22:57:50 CET.
Flavor | Version | Tinstall | Tcheck | Ttotal | Status | Flags |
---|---|---|---|---|---|---|
r-devel-linux-x86_64-debian-clang | 0.4.2 | 15.64 | 143.85 | 159.49 | OK | |
r-devel-linux-x86_64-debian-gcc | 0.4.2 | 12.61 | 108.67 | 121.28 | OK | |
r-devel-linux-x86_64-fedora-clang | 0.4.2 | 222.89 | OK | |||
r-devel-linux-x86_64-fedora-gcc | 0.4.2 | 218.18 | OK | |||
r-devel-windows-x86_64 | 0.4.2 | 15.00 | 115.00 | 130.00 | OK | |
r-patched-linux-x86_64 | 0.4.2 | 23.28 | 140.69 | 163.97 | OK | |
r-release-linux-x86_64 | 0.4.2 | 17.27 | 141.80 | 159.07 | OK | |
r-release-macos-arm64 | 0.4.2 | 65.00 | OK | |||
r-release-macos-x86_64 | 0.4.2 | 107.00 | NOTE | |||
r-release-windows-x86_64 | 0.4.2 | 20.00 | 142.00 | 162.00 | OK | |
r-oldrel-macos-arm64 | 0.4.2 | 53.00 | OK | |||
r-oldrel-windows-x86_64 | 0.4.2 | 21.00 | 141.00 | 162.00 | OK |
Version: 0.4.2
Check: package dependencies
Result: NOTE
Package suggested but not available for checking: ‘xgboost’
Flavor: r-release-macos-x86_64