CRAN Package Check Results for Package mcc

Last updated on 2018-10-16 22:56:23 CEST.

Flavor Version Tinstall Tcheck Ttotal Status Flags
r-devel-linux-x86_64-debian-clang 1.0 1.85 19.18 21.03 NOTE
r-devel-linux-x86_64-debian-gcc 1.0 1.56 15.19 16.75 NOTE
r-devel-linux-x86_64-fedora-clang 1.0 24.57 NOTE
r-devel-linux-x86_64-fedora-gcc 1.0 23.68 NOTE
r-devel-windows-ix86+x86_64 1.0 5.00 40.00 45.00 NOTE
r-patched-linux-x86_64 1.0 1.41 17.34 18.75 NOTE
r-patched-solaris-x86 1.0 34.00 NOTE
r-release-linux-x86_64 1.0 1.79 17.39 19.18 NOTE
r-release-windows-ix86+x86_64 1.0 4.00 27.00 31.00 NOTE
r-release-osx-x86_64 1.0 NOTE
r-oldrel-windows-ix86+x86_64 1.0 2.00 32.00 34.00 NOTE
r-oldrel-osx-x86_64 1.0 NOTE

Check Details

Version: 1.0
Check: R code for possible problems
Result: NOTE
    getbetap.A: no visible global function definition for ‘pbeta’
    getbetap.A: no visible global function definition for ‘cor.test’
    Undefined global functions or variables:
     cor.test pbeta
    Consider adding
     importFrom("stats", "cor.test", "pbeta")
    to your NAMESPACE file.
Flavors: r-devel-linux-x86_64-debian-clang, r-devel-linux-x86_64-debian-gcc, r-devel-linux-x86_64-fedora-clang, r-devel-linux-x86_64-fedora-gcc, r-devel-windows-ix86+x86_64, r-patched-linux-x86_64, r-patched-solaris-x86, r-release-linux-x86_64, r-release-windows-ix86+x86_64, r-release-osx-x86_64, r-oldrel-windows-ix86+x86_64, r-oldrel-osx-x86_64