CRAN Package Check Results for Package mcc

Last updated on 2017-12-13 21:50:55 CET.

Flavor Version Tinstall Tcheck Ttotal Status Flags
r-devel-linux-x86_64-debian-clang 1.0 0.70 16.35 17.05 NOTE
r-devel-linux-x86_64-debian-gcc 1.0 0.52 14.68 15.20 NOTE
r-devel-linux-x86_64-fedora-clang 1.0 19.42 NOTE
r-devel-linux-x86_64-fedora-gcc 1.0 21.00 NOTE
r-devel-windows-ix86+x86_64 1.0 4.00 28.00 32.00 NOTE
r-patched-linux-x86_64 1.0 0.57 16.19 16.76 NOTE
r-patched-solaris-x86 1.0 28.20 NOTE
r-release-linux-x86_64 1.0 0.66 16.33 16.99 NOTE
r-release-windows-ix86+x86_64 1.0 2.00 32.00 34.00 NOTE
r-release-osx-x86_64 1.0 NOTE
r-oldrel-windows-ix86+x86_64 1.0 2.00 25.00 27.00 NOTE
r-oldrel-osx-x86_64 1.0 NOTE

Check Details

Version: 1.0
Check: R code for possible problems
Result: NOTE
    getbetap.A: no visible global function definition for ‘pbeta’
    getbetap.A: no visible global function definition for ‘cor.test’
    Undefined global functions or variables:
     cor.test pbeta
    Consider adding
     importFrom("stats", "cor.test", "pbeta")
    to your NAMESPACE file.
Flavors: r-devel-linux-x86_64-debian-clang, r-devel-linux-x86_64-debian-gcc, r-devel-linux-x86_64-fedora-clang, r-devel-linux-x86_64-fedora-gcc, r-devel-windows-ix86+x86_64, r-patched-linux-x86_64, r-patched-solaris-x86, r-release-linux-x86_64, r-release-windows-ix86+x86_64, r-release-osx-x86_64, r-oldrel-windows-ix86+x86_64, r-oldrel-osx-x86_64