CRAN Package Check Results for Package mclust

Last updated on 2018-09-17 22:51:07 CEST.

Flavor Version Tinstall Tcheck Ttotal Status Flags
r-devel-linux-x86_64-debian-clang 5.4.1 31.88 221.47 253.35 OK
r-devel-linux-x86_64-debian-gcc 5.4.1 28.10 160.19 188.29 OK
r-devel-linux-x86_64-fedora-clang 5.4.1 322.82 NOTE
r-devel-linux-x86_64-fedora-gcc 5.4.1 313.77 OK
r-devel-windows-ix86+x86_64 5.4.1 111.00 431.00 542.00 NOTE
r-patched-linux-x86_64 5.4.1 31.44 216.11 247.55 OK
r-patched-solaris-x86 5.4.1 409.30 NOTE
r-release-linux-x86_64 5.4.1 28.03 215.21 243.24 OK
r-release-windows-ix86+x86_64 5.4.1 61.00 304.00 365.00 NOTE
r-release-osx-x86_64 5.4.1 NOTE
r-oldrel-windows-ix86+x86_64 5.4.1 69.00 295.00 364.00 NOTE
r-oldrel-osx-x86_64 5.4.1 NOTE

Check Details

Version: 5.4.1
Check: installed package size
Result: NOTE
     installed size is 5.3Mb
     sub-directories of 1Mb or more:
     doc 2.8Mb
Flavors: r-devel-linux-x86_64-fedora-clang, r-devel-windows-ix86+x86_64, r-patched-solaris-x86, r-release-windows-ix86+x86_64, r-release-osx-x86_64, r-oldrel-windows-ix86+x86_64, r-oldrel-osx-x86_64