CRAN Package Check Results for Package mclust

Last updated on 2018-12-11 21:48:53 CET.

Flavor Version Tinstall Tcheck Ttotal Status Flags
r-devel-linux-x86_64-debian-clang 5.4.2 34.68 226.70 261.38 OK
r-devel-linux-x86_64-debian-gcc 5.4.2 28.82 161.05 189.87 OK
r-devel-linux-x86_64-fedora-clang 5.4.2 308.33 NOTE
r-devel-linux-x86_64-fedora-gcc 5.4.2 301.95 OK
r-devel-windows-ix86+x86_64 5.4.2 92.00 319.00 411.00 NOTE
r-patched-linux-x86_64 5.4.2 27.16 217.80 244.96 OK
r-patched-solaris-x86 5.4.2 417.10 NOTE
r-release-linux-x86_64 5.4.2 33.04 219.06 252.10 OK
r-release-windows-ix86+x86_64 5.4.2 78.00 309.00 387.00 NOTE
r-release-osx-x86_64 5.4.2 NOTE
r-oldrel-windows-ix86+x86_64 5.4.2 65.00 323.00 388.00 NOTE
r-oldrel-osx-x86_64 5.4.2 NOTE

Check Details

Version: 5.4.2
Check: installed package size
Result: NOTE
     installed size is 5.5Mb
     sub-directories of 1Mb or more:
     doc 3.0Mb
Flavors: r-devel-linux-x86_64-fedora-clang, r-devel-windows-ix86+x86_64, r-patched-solaris-x86, r-release-windows-ix86+x86_64, r-release-osx-x86_64, r-oldrel-windows-ix86+x86_64, r-oldrel-osx-x86_64