Last updated on 2024-03-28 23:01:49 CET.
Flavor | Version | Tinstall | Tcheck | Ttotal | Status | Flags |
---|---|---|---|---|---|---|
r-devel-linux-x86_64-debian-clang | 6.1 | 49.29 | 274.38 | 323.67 | OK | |
r-devel-linux-x86_64-debian-gcc | 6.1 | 29.75 | 174.40 | 204.15 | OK | |
r-devel-linux-x86_64-fedora-clang | 6.1 | 399.54 | NOTE | |||
r-devel-linux-x86_64-fedora-gcc | 6.1 | 370.87 | OK | |||
r-devel-windows-x86_64 | 6.1 | 39.00 | 251.00 | 290.00 | NOTE | |
r-patched-linux-x86_64 | 6.1 | 49.25 | 239.73 | 288.98 | OK | |
r-release-linux-x86_64 | 6.1 | 44.73 | 241.34 | 286.07 | OK | |
r-release-macos-arm64 | 6.1 | 130.00 | NOTE | |||
r-release-macos-x86_64 | 6.1 | 311.00 | NOTE | |||
r-release-windows-x86_64 | 6.1 | 42.00 | 292.00 | 334.00 | NOTE | |
r-oldrel-macos-arm64 | 6.1 | 127.00 | NOTE | |||
r-oldrel-windows-x86_64 | 6.1 | 51.00 | 291.00 | 342.00 | NOTE |
Version: 6.1
Check: installed package size
Result: NOTE
installed size is 5.3Mb
sub-directories of 1Mb or more:
doc 2.9Mb
Flavors: r-devel-linux-x86_64-fedora-clang, r-devel-windows-x86_64, r-release-macos-arm64, r-release-macos-x86_64, r-release-windows-x86_64, r-oldrel-macos-arm64, r-oldrel-windows-x86_64