Last updated on 2023-06-07 22:02:47 CEST.
Flavor | Version | Tinstall | Tcheck | Ttotal | Status | Flags |
---|---|---|---|---|---|---|
r-devel-linux-x86_64-debian-clang | 0.7.3 | 117.15 | 333.31 | 450.46 | OK | |
r-devel-linux-x86_64-debian-gcc | 0.7.3 | 103.01 | 248.37 | 351.38 | OK | |
r-devel-linux-x86_64-fedora-clang | 0.7.3 | 598.08 | OK | |||
r-devel-linux-x86_64-fedora-gcc | 0.7.3 | 598.99 | OK | |||
r-devel-windows-x86_64 | 0.7.3 | 95.00 | 285.00 | 380.00 | OK | |
r-patched-linux-x86_64 | 0.7.3 | 112.33 | 312.15 | 424.48 | OK | |
r-release-linux-x86_64 | 0.7.3 | 100.88 | 313.01 | 413.89 | OK | |
r-release-macos-arm64 | 0.7.3 | 176.00 | NOTE | |||
r-release-macos-x86_64 | 0.7.2 | 285.00 | NOTE | |||
r-release-windows-x86_64 | 0.7.3 | 123.00 | 358.00 | 481.00 | OK | |
r-oldrel-macos-arm64 | 0.7.3 | 148.00 | NOTE | |||
r-oldrel-macos-x86_64 | 0.7.3 | 196.00 | NOTE | |||
r-oldrel-windows-x86_64 | 0.7.3 | 79.00 | 300.00 | 379.00 | OK |
Version: 0.7.3
Check: installed package size
Result: NOTE
installed size is 18.9Mb
sub-directories of 1Mb or more:
libs 17.5Mb
Flavors: r-release-macos-arm64, r-oldrel-macos-arm64, r-oldrel-macos-x86_64
Version: 0.7.2
Check: installed package size
Result: NOTE
installed size is 17.1Mb
sub-directories of 1Mb or more:
libs 15.7Mb
Flavor: r-release-macos-x86_64