CRAN Package Check Results for Package mdpeer

Last updated on 2019-10-16 22:56:02 CEST.

Flavor Version Tinstall Tcheck Ttotal Status Flags
r-devel-linux-x86_64-debian-clang 1.0.1 4.47 52.79 57.26 OK
r-devel-linux-x86_64-debian-gcc 1.0.1 3.54 41.35 44.89 OK
r-devel-linux-x86_64-fedora-clang 1.0.1 69.49 NOTE
r-devel-linux-x86_64-fedora-gcc 1.0.1 67.01 NOTE
r-devel-windows-ix86+x86_64 1.0.1 17.00 74.00 91.00 OK
r-patched-linux-x86_64 1.0.1 4.18 50.92 55.10 OK
r-patched-solaris-x86 1.0.1 100.90 NOTE
r-release-linux-x86_64 1.0.1 4.15 50.99 55.14 OK
r-release-windows-ix86+x86_64 1.0.1 12.00 97.00 109.00 OK
r-release-osx-x86_64 1.0.1 NOTE
r-oldrel-windows-ix86+x86_64 1.0.1 6.00 64.00 70.00 OK
r-oldrel-osx-x86_64 1.0.1 NOTE

Check Details

Version: 1.0.1
Check: dependencies in R code
Result: NOTE
    Namespace in Imports field not imported from: ‘glmnet’
     All declared Imports should be used.
Flavors: r-devel-linux-x86_64-fedora-clang, r-devel-linux-x86_64-fedora-gcc, r-patched-solaris-x86, r-release-osx-x86_64, r-oldrel-osx-x86_64