CRAN Package Check Results for Package mdpeer

Last updated on 2019-07-16 07:50:53 CEST.

Flavor Version Tinstall Tcheck Ttotal Status Flags
r-devel-linux-x86_64-debian-clang 1.0.1 4.05 53.71 57.76 OK
r-devel-linux-x86_64-debian-gcc 1.0.1 3.53 42.40 45.93 OK
r-devel-linux-x86_64-fedora-clang 1.0.1 67.93 NOTE
r-devel-linux-x86_64-fedora-gcc 1.0.1 70.38 NOTE
r-devel-windows-ix86+x86_64 1.0.1 18.00 60.00 78.00 OK
r-patched-linux-x86_64 1.0.1 4.77 52.14 56.91 OK
r-patched-solaris-x86 1.0.1 114.90 NOTE
r-release-linux-x86_64 1.0.1 3.86 51.79 55.65 OK
r-release-windows-ix86+x86_64 1.0.1 11.00 106.00 117.00 OK
r-release-osx-x86_64 1.0.1 NOTE
r-oldrel-windows-ix86+x86_64 1.0.1 9.00 97.00 106.00 OK
r-oldrel-osx-x86_64 1.0.1 NOTE

Check Details

Version: 1.0.1
Check: dependencies in R code
Result: NOTE
    Namespace in Imports field not imported from: ‘glmnet’
     All declared Imports should be used.
Flavors: r-devel-linux-x86_64-fedora-clang, r-devel-linux-x86_64-fedora-gcc, r-patched-solaris-x86, r-release-osx-x86_64, r-oldrel-osx-x86_64