Last updated on 2021-04-11 22:47:15 CEST.
Flavor | Version | Tinstall | Tcheck | Ttotal | Status | Flags |
---|---|---|---|---|---|---|
r-devel-linux-x86_64-debian-clang | 0.0.5 | 4.74 | 96.63 | 101.37 | NOTE | |
r-devel-linux-x86_64-debian-gcc | 0.0.5 | 3.65 | 70.90 | 74.55 | NOTE | |
r-devel-linux-x86_64-fedora-clang | 0.0.5 | 135.01 | NOTE | |||
r-devel-linux-x86_64-fedora-gcc | 0.0.5 | 107.26 | NOTE | |||
r-devel-windows-ix86+x86_64 | 0.0.5 | 12.00 | 120.00 | 132.00 | NOTE | |
r-devel-windows-x86_64-gcc10-UCRT | 0.0.5 | NOTE | ||||
r-patched-linux-x86_64 | 0.0.5 | 4.09 | 84.26 | 88.35 | OK | |
r-patched-solaris-x86 | 0.0.5 | 164.60 | NOTE | |||
r-release-linux-x86_64 | 0.0.5 | 4.51 | 82.65 | 87.16 | OK | |
r-release-macos-x86_64 | 0.0.5 | NOTE | ||||
r-release-windows-ix86+x86_64 | 0.0.5 | 9.00 | 135.00 | 144.00 | OK | |
r-oldrel-macos-x86_64 | 0.0.5 | NOTE | ||||
r-oldrel-windows-ix86+x86_64 | 0.0.5 | 8.00 | 106.00 | 114.00 | OK |
Version: 0.0.5
Check: LazyData
Result: NOTE
'LazyData' is specified without a 'data' directory
Flavors: r-devel-linux-x86_64-debian-clang, r-devel-linux-x86_64-debian-gcc, r-devel-linux-x86_64-fedora-clang, r-devel-linux-x86_64-fedora-gcc, r-devel-windows-ix86+x86_64, r-devel-windows-x86_64-gcc10-UCRT
Version: 0.0.5
Check: dependencies in R code
Result: NOTE
Namespace in Imports field not imported from: ‘vroom’
All declared Imports should be used.
Flavors: r-devel-linux-x86_64-fedora-clang, r-devel-linux-x86_64-fedora-gcc, r-devel-windows-x86_64-gcc10-UCRT, r-patched-solaris-x86, r-release-macos-x86_64, r-oldrel-macos-x86_64