CRAN Package Check Results for Package melviewr

Last updated on 2017-12-15 22:47:52 CET.

Flavor Version Tinstall Tcheck Ttotal Status Flags
r-devel-linux-x86_64-debian-clang 0.0.1 3.34 48.18 51.52 OK
r-devel-linux-x86_64-debian-gcc 0.0.1 2.84 38.23 41.07 OK
r-devel-linux-x86_64-fedora-clang 0.0.1 60.94 NOTE
r-devel-linux-x86_64-fedora-gcc 0.0.1 60.47 NOTE
r-devel-windows-ix86+x86_64 0.0.1 60.00 4.00 64.00 ERROR
r-patched-linux-x86_64 0.0.1 4.42 50.45 54.87 OK
r-patched-solaris-x86 0.0.1 98.60 NOTE
r-release-linux-x86_64 0.0.1 3.85 51.90 55.75 OK
r-release-windows-ix86+x86_64 0.0.1 25.00 3.00 28.00 ERROR
r-release-osx-x86_64 0.0.1 ERROR
r-oldrel-windows-ix86+x86_64 0.0.1 56.00 6.00 62.00 ERROR
r-oldrel-osx-x86_64 0.0.1 NOTE

Check Details

Version: 0.0.1
Check: dependencies in R code
Result: NOTE
    Namespaces in Imports field not imported from:
     ‘RColorBrewer’ ‘RGtk2’ ‘RNifti’ ‘cairoDevice’ ‘gtools’ ‘jsonlite’
     All declared Imports should be used.
Flavors: r-devel-linux-x86_64-fedora-clang, r-devel-linux-x86_64-fedora-gcc, r-patched-solaris-x86, r-oldrel-osx-x86_64

Version: 0.0.1
Check: whether package can be installed
Result: ERROR
    Installation failed.
Flavors: r-devel-windows-ix86+x86_64, r-release-windows-ix86+x86_64, r-oldrel-windows-ix86+x86_64

Version: 0.0.1
Check: package dependencies
Result: ERROR
    Packages required but not available: ‘gWidgetsRGtk2’ ‘RGtk2’ ‘cairoDevice’
    
    See section ‘The DESCRIPTION file’ in the ‘Writing R Extensions’
    manual.
Flavor: r-release-osx-x86_64