CRAN Package Check Results for Package melviewr

Last updated on 2018-07-16 22:52:18 CEST.

Flavor Version Tinstall Tcheck Ttotal Status Flags
r-devel-linux-x86_64-debian-clang 0.0.1 5.35 54.73 60.08 OK
r-devel-linux-x86_64-debian-gcc 0.0.1 4.16 45.76 49.92 OK
r-devel-linux-x86_64-fedora-clang 0.0.1 71.23 NOTE
r-devel-linux-x86_64-fedora-gcc 0.0.1 68.82 NOTE
r-devel-windows-ix86+x86_64 0.0.1 13.00 89.00 102.00 OK
r-patched-linux-x86_64 0.0.1 5.48 50.78 56.26 OK
r-patched-solaris-x86 0.0.1 115.30 NOTE
r-release-linux-x86_64 0.0.1 5.78 50.91 56.69 OK
r-release-windows-ix86+x86_64 0.0.1 12.00 80.00 92.00 OK
r-release-osx-x86_64 0.0.1 ERROR
r-oldrel-windows-ix86+x86_64 0.0.1 8.00 95.00 103.00 OK
r-oldrel-osx-x86_64 0.0.1 ERROR

Check Details

Version: 0.0.1
Check: dependencies in R code
Result: NOTE
    Namespaces in Imports field not imported from:
     ‘RColorBrewer’ ‘RGtk2’ ‘RNifti’ ‘cairoDevice’ ‘gtools’ ‘jsonlite’
     All declared Imports should be used.
Flavors: r-devel-linux-x86_64-fedora-clang, r-devel-linux-x86_64-fedora-gcc, r-patched-solaris-x86

Version: 0.0.1
Check: package dependencies
Result: ERROR
    Packages required but not available: ‘gWidgetsRGtk2’ ‘RGtk2’ ‘cairoDevice’
    
    See section ‘The DESCRIPTION file’ in the ‘Writing R Extensions’
    manual.
Flavors: r-release-osx-x86_64, r-oldrel-osx-x86_64