CRAN Package Check Results for Package melviewr

Last updated on 2018-10-16 22:56:23 CEST.

Flavor Version Tinstall Tcheck Ttotal Status Flags
r-devel-linux-x86_64-debian-clang 0.0.1 4.73 56.87 61.60 OK
r-devel-linux-x86_64-debian-gcc 0.0.1 4.02 46.16 50.18 OK
r-devel-linux-x86_64-fedora-clang 0.0.1 73.12 NOTE
r-devel-linux-x86_64-fedora-gcc 0.0.1 72.06 NOTE
r-devel-windows-ix86+x86_64 0.0.1 11.00 86.00 97.00 OK
r-patched-linux-x86_64 0.0.1 4.82 50.69 55.51 OK
r-patched-solaris-x86 0.0.1 114.50 NOTE
r-release-linux-x86_64 0.0.1 4.98 49.93 54.91 OK
r-release-windows-ix86+x86_64 0.0.1 9.00 77.00 86.00 OK
r-release-osx-x86_64 0.0.1 ERROR
r-oldrel-windows-ix86+x86_64 0.0.1 11.00 60.00 71.00 OK
r-oldrel-osx-x86_64 0.0.1 ERROR

Check Details

Version: 0.0.1
Check: dependencies in R code
Result: NOTE
    Namespaces in Imports field not imported from:
     ‘RColorBrewer’ ‘RGtk2’ ‘RNifti’ ‘cairoDevice’ ‘gtools’ ‘jsonlite’
     All declared Imports should be used.
Flavors: r-devel-linux-x86_64-fedora-clang, r-devel-linux-x86_64-fedora-gcc, r-patched-solaris-x86

Version: 0.0.1
Check: package dependencies
Result: ERROR
    Packages required but not available: ‘gWidgetsRGtk2’ ‘RGtk2’ ‘cairoDevice’
    
    See section ‘The DESCRIPTION file’ in the ‘Writing R Extensions’
    manual.
Flavors: r-release-osx-x86_64, r-oldrel-osx-x86_64