CRAN Package Check Results for Package metR

Last updated on 2019-12-11 22:51:13 CET.

Flavor Version Tinstall Tcheck Ttotal Status Flags
r-devel-linux-x86_64-debian-clang 0.5.0 24.11 418.63 442.74 OK
r-devel-linux-x86_64-debian-gcc 0.5.0 22.30 474.71 497.01 OK
r-devel-linux-x86_64-fedora-clang 0.5.0 439.43 NOTE
r-devel-linux-x86_64-fedora-gcc 0.5.0 452.26 NOTE
r-devel-windows-ix86+x86_64 0.5.0 44.00 430.00 474.00 OK
r-devel-windows-ix86+x86_64-gcc8 0.5.0 50.00 334.00 384.00 OK
r-patched-linux-x86_64 0.5.0 23.28 378.03 401.31 OK
r-patched-solaris-x86 0.5.0 497.30 ERROR
r-release-linux-x86_64 0.5.0 23.34 378.73 402.07 OK
r-release-windows-ix86+x86_64 0.5.0 41.00 304.00 345.00 OK
r-release-osx-x86_64 0.5.0 NOTE
r-oldrel-windows-ix86+x86_64 0.5.0 26.00 309.00 335.00 OK
r-oldrel-osx-x86_64 0.5.0 NOTE

Check Details

Version: 0.5.0
Check: dependencies in R code
Result: NOTE
    Namespace in Imports field not imported from: ‘curl’
     All declared Imports should be used.
Flavors: r-devel-linux-x86_64-fedora-clang, r-devel-linux-x86_64-fedora-gcc, r-patched-solaris-x86, r-release-osx-x86_64, r-oldrel-osx-x86_64

Version: 0.5.0
Check: installed package size
Result: NOTE
     installed size is 5.1Mb
     sub-directories of 1Mb or more:
     data 1.1Mb
     doc 2.4Mb
Flavor: r-patched-solaris-x86

Version: 0.5.0
Check: tests
Result: ERROR
     Running ‘testthat.R’ [60s/71s]
    Running the tests in ‘tests/testthat.R’ failed.
    Complete output:
     > library(testthat)
     > library(metR)
     > # library(vdiffr)
     >
     > test_check("metR")
     ── 1. Error: returns a data.table (@test_ReadNetCDF.R#6) ──────────────────────
     Error in nc_open trying to open file /home/ripley/R/Lib32/metR/extdata/temperature.nc
     Backtrace:
     1. testthat::expect_known_output(ReadNetCDF(file), "readnetcdf_default")
     7. metR::ReadNetCDF(file)
     8. ncdf4::nc_open(file)
    
     ── 2. Error: subsetting works (@test_ReadNetCDF.R#11) ─────────────────────────
     Error in nc_open trying to open file /home/ripley/R/Lib32/metR/extdata/temperature.nc
     Backtrace:
     1. testthat::expect_known_output(...)
     7. metR::ReadNetCDF(file, subset = list(lat = -90:20))
     8. ncdf4::nc_open(file)
    
     Error in R_nc4_open: NetCDF: HDF error
     ── 3. Error: naming works (@test_ReadNetCDF.R#17) ─────────────────────────────
     Error in nc_open trying to open file /home/ripley/R/Lib32/metR/extdata/temperature.nc
     Backtrace:
     1. testthat::expect_true(...)
     4. metR::ReadNetCDF(file, vars = c(air2 = "air"))
     5. ncdf4::nc_open(file)
    
     Error in R_nc4_open: NetCDF: HDF error
     ── 4. Error: different outs work (@test_ReadNetCDF.R#24) ──────────────────────
     Error in nc_open trying to open file /home/ripley/R/Lib32/metR/extdata/temperature.nc
     Backtrace:
     1. testthat::expect_s3_class(ReadNetCDF(file), "data.table")
     4. metR::ReadNetCDF(file)
     5. ncdf4::nc_open(file)
    
     ══ testthat results ═══════════════════════════════════════════════════════════
     [ OK: 53 | SKIPPED: 0 | WARNINGS: 0 | FAILED: 4 ]
     1. Error: returns a data.table (@test_ReadNetCDF.R#6)
     2. Error: subsetting works (@test_ReadNetCDF.R#11)
     3. Error: naming works (@test_ReadNetCDF.R#17)
     4. Error: different outs work (@test_ReadNetCDF.R#24)
    
     Error: testthat unit tests failed
     Execution halted
Flavor: r-patched-solaris-x86

Version: 0.5.0
Check: re-building of vignette outputs
Result: WARN
    Error(s) in re-building vignettes:
     ...
    --- re-building ‘Visualization-tools.Rmd’ using rmarkdown
    Warning in engine$weave(file, quiet = quiet, encoding = enc) :
     Pandoc (>= 1.12.3) and/or pandoc-citeproc not available. Falling back to R Markdown v1.
    --- finished re-building ‘Visualization-tools.Rmd’
    
    --- re-building ‘Working-with-data.Rmd’ using rmarkdown
    Warning in engine$weave(file, quiet = quiet, encoding = enc) :
     Pandoc (>= 1.12.3) and/or pandoc-citeproc not available. Falling back to R Markdown v1.
    Quitting from lines 32-40 (Working-with-data.Rmd)
    Error: processing vignette 'Working-with-data.Rmd' failed with diagnostics:
    Error in nc_open trying to open file /home/ripley/R/Lib32/metR/extdata/temperature.nc
    --- failed re-building ‘Working-with-data.Rmd’
    
    SUMMARY: processing the following file failed:
     ‘Working-with-data.Rmd’
    
    Error: Vignette re-building failed.
    Execution halted
Flavor: r-patched-solaris-x86