Last updated on 2023-03-29 23:09:08 CEST.
Flavor | Version | Tinstall | Tcheck | Ttotal | Status | Flags |
---|---|---|---|---|---|---|
r-devel-linux-x86_64-debian-clang | 6.2-1 | 55.48 | 329.50 | 384.98 | OK | |
r-devel-linux-x86_64-debian-gcc | 6.2-1 | 50.78 | 242.64 | 293.42 | OK | |
r-devel-linux-x86_64-fedora-clang | 6.2-1 | 504.91 | NOTE | |||
r-devel-linux-x86_64-fedora-gcc | 6.2-1 | 458.70 | OK | |||
r-devel-windows-x86_64 | 6.2-1 | 87.00 | 0.00 | 87.00 | OK | |
r-patched-linux-x86_64 | 6.2-1 | 57.53 | 313.76 | 371.29 | OK | |
r-release-linux-x86_64 | 6.2-1 | 39.66 | 287.30 | 326.96 | OK | |
r-release-macos-arm64 | 6.2-1 | 75.00 | OK | |||
r-release-macos-x86_64 | 6.2-1 | 140.00 | OK | |||
r-release-windows-x86_64 | 6.2-1 | 87.00 | 306.00 | 393.00 | OK | |
r-oldrel-macos-arm64 | 6.2-1 | 86.00 | OK | |||
r-oldrel-macos-x86_64 | 6.2-1 | 139.00 | OK | |||
r-oldrel-windows-ix86+x86_64 | 6.2-1 | 91.00 | 311.00 | 402.00 | OK |
Version: 6.2-1
Check: Rd cross-references
Result: NOTE
Undeclared packages ‘netmeta’, ‘metasens’, ‘robumeta’ in Rd xrefs
Flavor: r-devel-linux-x86_64-fedora-clang