Last updated on 2023-11-28 23:04:39 CET.
Flavor | Version | Tinstall | Tcheck | Ttotal | Status | Flags |
---|---|---|---|---|---|---|
r-devel-linux-x86_64-debian-clang | 0.6.9 | 983.23 | 331.30 | 1314.53 | OK | |
r-devel-linux-x86_64-debian-gcc | 0.6.9 | 852.22 | 291.89 | 1144.11 | OK | |
r-devel-linux-x86_64-fedora-clang | 0.6.9 | 1766.75 | NOTE | |||
r-devel-linux-x86_64-fedora-gcc | 0.6.9 | 1963.28 | NOTE | |||
r-devel-windows-x86_64 | 0.6.9 | 735.00 | 303.00 | 1038.00 | NOTE | |
r-patched-linux-x86_64 | 0.6.9 | 773.30 | 375.32 | 1148.62 | OK | |
r-release-linux-x86_64 | 0.6.9 | 729.70 | 381.64 | 1111.34 | OK | |
r-release-macos-arm64 | 0.6.9 | 610.00 | NOTE | |||
r-release-macos-x86_64 | 0.6.9 | 822.00 | NOTE | |||
r-release-windows-x86_64 | 0.6.9 | 994.00 | 388.00 | 1382.00 | NOTE | |
r-oldrel-macos-arm64 | 0.6.9 | 423.00 | NOTE | |||
r-oldrel-macos-x86_64 | 0.6.9 | 689.00 | NOTE | |||
r-oldrel-windows-x86_64 | 0.6.9 | 927.00 | 358.00 | 1285.00 | NOTE |
Version: 0.6.9
Check: installed package size
Result: NOTE
installed size is 9.0Mb
sub-directories of 1Mb or more:
libs 8.2Mb
Flavors: r-devel-linux-x86_64-fedora-clang, r-devel-windows-x86_64, r-release-macos-arm64, r-release-macos-x86_64, r-release-windows-x86_64, r-oldrel-macos-arm64, r-oldrel-macos-x86_64, r-oldrel-windows-x86_64
Version: 0.6.9
Check: for GNU extensions in Makefiles
Result: NOTE
GNU make is a SystemRequirements.
Flavors: r-devel-linux-x86_64-fedora-clang, r-devel-linux-x86_64-fedora-gcc, r-release-macos-arm64, r-release-macos-x86_64, r-oldrel-macos-arm64, r-oldrel-macos-x86_64