Last updated on 2023-01-29 23:03:13 CET.
Flavor | Version | Tinstall | Tcheck | Ttotal | Status | Flags |
---|---|---|---|---|---|---|
r-devel-linux-x86_64-debian-clang | 0.7 | 15.48 | 152.40 | 167.88 | OK | |
r-devel-linux-x86_64-debian-gcc | 0.7 | 12.06 | 115.78 | 127.84 | OK | |
r-devel-linux-x86_64-fedora-clang | 0.7 | 220.59 | OK | |||
r-devel-linux-x86_64-fedora-gcc | 0.7 | 216.16 | OK | |||
r-devel-windows-x86_64 | 0.7 | 53.00 | 161.00 | 214.00 | OK | |
r-patched-linux-x86_64 | 0.7 | 17.43 | 155.42 | 172.85 | OK | |
r-release-linux-x86_64 | 0.7 | 14.53 | 156.45 | 170.98 | OK | |
r-release-macos-arm64 | 0.7 | 70.00 | OK | |||
r-release-macos-x86_64 | 0.7 | 104.00 | OK | |||
r-release-windows-x86_64 | 0.7 | 51.00 | 143.00 | 194.00 | OK | |
r-oldrel-macos-arm64 | 0.7 | 71.00 | NOTE | |||
r-oldrel-macos-x86_64 | 0.7 | 107.00 | OK | |||
r-oldrel-windows-ix86+x86_64 | 0.7 | 31.00 | 139.00 | 170.00 | OK |
Version: 0.7
Check: package dependencies
Result: NOTE
Package suggested but not available for checking: ‘EBImage’
Flavor: r-oldrel-macos-arm64