Last updated on 2024-04-18 22:52:48 CEST.
Flavor | Version | Tinstall | Tcheck | Ttotal | Status | Flags |
---|---|---|---|---|---|---|
r-devel-linux-x86_64-debian-clang | 0.2.3 | 9.34 | 120.22 | 129.56 | OK | |
r-devel-linux-x86_64-debian-gcc | 0.2.3 | 9.29 | 88.36 | 97.65 | OK | |
r-devel-linux-x86_64-fedora-clang | 0.2.3 | 164.70 | NOTE | |||
r-devel-linux-x86_64-fedora-gcc | 0.2.3 | 169.24 | NOTE | |||
r-prerel-macos-arm64 | 0.2.3 | 59.00 | OK | |||
r-prerel-windows-x86_64 | 0.2.3 | 11.00 | 101.00 | 112.00 | OK | |
r-patched-linux-x86_64 | 0.2.3 | 12.70 | 111.05 | 123.75 | OK | |
r-release-linux-x86_64 | 0.2.3 | 7.45 | 112.54 | 119.99 | OK | |
r-release-macos-arm64 | 0.2.3 | 59.00 | OK | |||
r-release-macos-x86_64 | 0.2.3 | 90.00 | OK | |||
r-release-windows-x86_64 | 0.2.3 | 14.00 | 118.00 | 132.00 | OK | |
r-oldrel-macos-arm64 | 0.2.3 | 45.00 | OK | |||
r-oldrel-windows-x86_64 | 0.2.3 | 17.00 | 125.00 | 142.00 | OK |
Version: 0.2.3
Check: package dependencies
Result: NOTE
Suggests orphaned package: ‘udunits2’
Flavors: r-devel-linux-x86_64-fedora-clang, r-devel-linux-x86_64-fedora-gcc