CRAN Package Check Results for Package metamer

Last updated on 2021-04-13 22:53:48 CEST.

Flavor Version Tinstall Tcheck Ttotal Status Flags
r-devel-linux-x86_64-debian-clang 0.2.0 2.68 36.56 39.24 NOTE
r-devel-linux-x86_64-debian-gcc 0.2.0 2.01 27.86 29.87 NOTE
r-devel-linux-x86_64-fedora-clang 0.2.0 55.72 NOTE
r-devel-linux-x86_64-fedora-gcc 0.2.0 45.93 NOTE
r-devel-windows-ix86+x86_64 0.2.0 5.00 40.00 45.00 NOTE
r-devel-windows-x86_64-gcc10-UCRT 0.2.0 NOTE
r-patched-linux-x86_64 0.2.0 2.75 35.00 37.75 OK
r-patched-solaris-x86 0.2.0 69.10 OK
r-release-linux-x86_64 0.2.0 2.20 34.92 37.12 OK
r-release-macos-x86_64 0.2.0 OK
r-release-windows-ix86+x86_64 0.2.0 4.00 56.00 60.00 OK
r-oldrel-macos-x86_64 0.2.0 OK
r-oldrel-windows-ix86+x86_64 0.2.0 4.00 38.00 42.00 OK

Check Details

Version: 0.2.0
Check: LazyData
Result: NOTE
     'LazyData' is specified without a 'data' directory
Flavors: r-devel-linux-x86_64-debian-clang, r-devel-linux-x86_64-debian-gcc, r-devel-linux-x86_64-fedora-clang, r-devel-linux-x86_64-fedora-gcc, r-devel-windows-ix86+x86_64, r-devel-windows-x86_64-gcc10-UCRT