Last updated on 2024-04-19 22:55:52 CEST.
Flavor | Version | Tinstall | Tcheck | Ttotal | Status | Flags |
---|---|---|---|---|---|---|
r-devel-linux-x86_64-debian-clang | 0.3.0 | 2.63 | 40.67 | 43.30 | OK | |
r-devel-linux-x86_64-debian-gcc | 0.3.0 | OK | ||||
r-devel-linux-x86_64-fedora-clang | 0.3.0 | 52.69 | NOTE | |||
r-devel-linux-x86_64-fedora-gcc | 0.3.0 | 53.07 | NOTE | |||
r-prerel-macos-arm64 | 0.3.0 | 22.00 | OK | |||
r-prerel-windows-x86_64 | 0.3.0 | 4.00 | 52.00 | 56.00 | OK | |
r-patched-linux-x86_64 | 0.3.0 | 3.12 | 39.75 | 42.87 | OK | |
r-release-linux-x86_64 | 0.3.0 | 3.94 | 38.73 | 42.67 | OK | |
r-release-macos-arm64 | 0.3.0 | 24.00 | OK | |||
r-release-macos-x86_64 | 0.3.0 | 32.00 | OK | |||
r-release-windows-x86_64 | 0.3.0 | 5.00 | 55.00 | 60.00 | OK | |
r-oldrel-macos-arm64 | 0.3.0 | 22.00 | NOTE | |||
r-oldrel-windows-x86_64 | 0.3.0 | 6.00 | 59.00 | 65.00 | OK |
Version: 0.3.0
Check: dependencies in R code
Result: NOTE
Namespace in Imports field not imported from: ‘progress’
All declared Imports should be used.
Flavors: r-devel-linux-x86_64-fedora-clang, r-devel-linux-x86_64-fedora-gcc, r-oldrel-macos-arm64