CRAN Package Check Results for Package metan

Last updated on 2021-04-16 22:51:03 CEST.

Flavor Version Tinstall Tcheck Ttotal Status Flags
r-devel-linux-x86_64-debian-clang 1.13.0 38.13 243.17 281.30 OK
r-devel-linux-x86_64-debian-gcc 1.13.0 32.76 178.93 211.69 OK
r-devel-linux-x86_64-fedora-clang 1.13.0 356.27 OK
r-devel-linux-x86_64-fedora-gcc 1.13.0 353.98 OK
r-devel-windows-ix86+x86_64 1.13.0 77.00 4.00 81.00 ERROR
r-devel-windows-x86_64-gcc10-UCRT 1.13.0 OK
r-patched-linux-x86_64 1.13.0 34.68 220.91 255.59 OK
r-patched-solaris-x86 1.13.0 416.10 OK
r-release-linux-x86_64 1.13.0 29.69 220.67 250.36 OK
r-release-macos-x86_64 1.13.0 OK
r-release-windows-ix86+x86_64 1.13.0 75.00 292.00 367.00 OK
r-oldrel-macos-x86_64 1.13.0 OK
r-oldrel-windows-ix86+x86_64 1.13.0 45.00 280.00 325.00 OK

Check Details

Version: 1.13.0
Check: whether package can be installed
Result: ERROR
    Installation failed.
Flavor: r-devel-windows-ix86+x86_64